CRAN Package Check Results for Package rdd

Last updated on 2021-09-20 08:50:38 CEST.

Flavor Version Tinstall Tcheck Ttotal Status Flags
r-devel-linux-x86_64-debian-clang 0.57 10.84 86.60 97.44 OK
r-devel-linux-x86_64-debian-gcc 0.57 9.10 64.01 73.11 OK
r-devel-linux-x86_64-fedora-clang 0.57 123.28 OK
r-devel-linux-x86_64-fedora-gcc 0.57 112.95 OK
r-devel-windows-x86_64 0.57 12.00 78.00 90.00 OK
r-devel-windows-x86_64-gcc10-UCRT 0.57 ERROR
r-patched-linux-x86_64 0.57 16.73 81.14 97.87 OK
r-patched-solaris-x86 0.57 174.80 OK
r-release-linux-x86_64 0.57 9.74 81.67 91.41 OK
r-release-macos-arm64 0.57 OK
r-release-macos-x86_64 0.57 OK
r-release-windows-ix86+x86_64 0.57 27.00 77.00 104.00 OK
r-oldrel-macos-x86_64 0.57 OK
r-oldrel-windows-ix86+x86_64 0.57 26.00 81.00 107.00 OK

Check Details

Version: 0.57
Check: whether package can be installed
Result: WARN
    Found the following significant warnings:
     WARNING: installation-time patches will not be applied, could not get the patches index
Flavor: r-devel-windows-x86_64-gcc10-UCRT

Version: 0.57
Check: PDF version of manual
Result: WARN
    LaTeX errors when creating PDF version.
    This typically indicates Rd problems.
Flavor: r-devel-windows-x86_64-gcc10-UCRT

Version: 0.57
Check: PDF version of manual without hyperrefs or index
Result: ERROR
    Re-running with no redirection of stdout/stderr.
Flavor: r-devel-windows-x86_64-gcc10-UCRT