CRAN Package Check Results for Package readmnist

Last updated on 2023-06-01 02:53:58 CEST.

Flavor Version Tinstall Tcheck Ttotal Status Flags
r-devel-linux-x86_64-debian-clang 1.0.6 1.89 18.97 20.86 NOTE
r-devel-linux-x86_64-debian-gcc 1.0.6 1.59 15.22 16.81 NOTE
r-devel-linux-x86_64-fedora-clang 1.0.6 27.38 NOTE
r-devel-linux-x86_64-fedora-gcc 1.0.6 25.54 NOTE
r-devel-windows-x86_64 1.0.6 3.00 34.00 37.00 NOTE
r-patched-linux-x86_64 1.0.6 NOTE
r-release-linux-x86_64 1.0.6 1.47 18.94 20.41 NOTE
r-release-macos-arm64 1.0.6 13.00 NOTE
r-release-macos-x86_64 1.0.6 18.00 NOTE
r-release-windows-x86_64 1.0.6 3.00 37.00 40.00 NOTE
r-oldrel-macos-arm64 1.0.6 13.00 NOTE
r-oldrel-macos-x86_64 1.0.6 19.00 NOTE
r-oldrel-windows-x86_64 1.0.6 4.00 42.00 46.00 NOTE

Check Details

Version: 1.0.6
Check: LazyData
Result: NOTE
     'LazyData' is specified without a 'data' directory
Flavors: r-devel-linux-x86_64-debian-clang, r-devel-linux-x86_64-debian-gcc, r-devel-linux-x86_64-fedora-clang, r-devel-linux-x86_64-fedora-gcc, r-devel-windows-x86_64, r-patched-linux-x86_64, r-release-linux-x86_64, r-release-macos-arm64, r-release-macos-x86_64, r-release-windows-x86_64, r-oldrel-macos-arm64, r-oldrel-macos-x86_64, r-oldrel-windows-x86_64