CRAN Package Check Results for Package reda

Last updated on 2021-09-22 06:48:44 CEST.

Flavor Version Tinstall Tcheck Ttotal Status Flags
r-devel-linux-x86_64-debian-clang 0.5.3 69.99 95.64 165.63 OK
r-devel-linux-x86_64-debian-gcc 0.5.3 45.43 70.95 116.38 OK
r-devel-linux-x86_64-fedora-clang 0.5.3 227.53 NOTE
r-devel-linux-x86_64-fedora-gcc 0.5.3 193.64 OK
r-devel-windows-x86_64 0.5.3 69.00 102.00 171.00 NOTE
r-devel-windows-x86_64-gcc10-UCRT 0.5.3 ERROR
r-patched-linux-x86_64 0.5.3 41.47 91.86 133.33 OK
r-patched-solaris-x86 0.5.3 188.10 NOTE
r-release-linux-x86_64 0.5.3 54.12 91.82 145.94 OK
r-release-macos-arm64 0.5.3 NOTE
r-release-macos-x86_64 0.5.3 NOTE
r-release-windows-ix86+x86_64 0.5.3 158.00 132.00 290.00 NOTE
r-oldrel-macos-x86_64 0.5.3 NOTE
r-oldrel-windows-ix86+x86_64 0.5.3 152.00 149.00 301.00 NOTE

Check Details

Version: 0.5.3
Check: installed package size
Result: NOTE
     installed size is 6.9Mb
     sub-directories of 1Mb or more:
     doc 3.9Mb
     libs 2.4Mb
Flavors: r-devel-linux-x86_64-fedora-clang, r-devel-windows-x86_64, r-patched-solaris-x86, r-release-macos-arm64, r-release-macos-x86_64, r-release-windows-ix86+x86_64, r-oldrel-macos-x86_64, r-oldrel-windows-ix86+x86_64

Version: 0.5.3
Check: whether package can be installed
Result: ERROR
    Installation failed.
Flavor: r-devel-windows-x86_64-gcc10-UCRT