CRAN Package Check Results for Package redland

Last updated on 2021-09-21 06:48:46 CEST.

Flavor Version Tinstall Tcheck Ttotal Status Flags
r-devel-linux-x86_64-debian-clang 1.0.17-14 12.95 64.21 77.16 OK
r-devel-linux-x86_64-debian-gcc 1.0.17-14 9.84 49.15 58.99 OK
r-devel-linux-x86_64-fedora-clang 1.0.17-14 101.49 OK
r-devel-linux-x86_64-fedora-gcc 1.0.17-14 91.31 OK
r-devel-windows-x86_64 1.0.17-14 19.00 71.00 90.00 OK
r-devel-windows-x86_64-gcc10-UCRT 1.0.17-14 ERROR
r-patched-linux-x86_64 1.0.17-14 13.84 61.04 74.88 OK
r-patched-solaris-x86 1.0.17-14 132.70 OK
r-release-linux-x86_64 1.0.17-14 13.35 60.45 73.80 OK
r-release-macos-arm64 1.0.17-14 NOTE
r-release-macos-x86_64 1.0.17-14 NOTE
r-release-windows-ix86+x86_64 1.0.17-14 33.00 93.00 126.00 NOTE
r-oldrel-macos-x86_64 1.0.17-14 NOTE
r-oldrel-windows-ix86+x86_64 1.0.17-14 33.00 99.00 132.00 NOTE

Check Details

Version: 1.0.17-14
Check: whether package can be installed
Result: ERROR
    Installation failed.
Flavor: r-devel-windows-x86_64-gcc10-UCRT

Version: 1.0.17-14
Check: installed package size
Result: NOTE
     installed size is 7.7Mb
     sub-directories of 1Mb or more:
     libs 6.7Mb
Flavors: r-release-macos-arm64, r-release-macos-x86_64, r-release-windows-ix86+x86_64, r-oldrel-macos-x86_64, r-oldrel-windows-ix86+x86_64