Last updated on 2025-06-19 01:49:21 CEST.
Flavor | Version | Tinstall | Tcheck | Ttotal | Status | Flags |
---|---|---|---|---|---|---|
r-devel-linux-x86_64-debian-clang | 1.0.1 | 8.87 | 192.67 | 201.54 | OK | |
r-devel-linux-x86_64-debian-gcc | 1.0.1 | 6.37 | 130.33 | 136.70 | OK | |
r-devel-linux-x86_64-fedora-clang | 1.0.1 | 316.19 | NOTE | |||
r-devel-linux-x86_64-fedora-gcc | 1.0.1 | 349.96 | NOTE | |||
r-devel-windows-x86_64 | 1.0.1 | 10.00 | 195.00 | 205.00 | OK | |
r-patched-linux-x86_64 | 1.0.1 | 10.16 | 184.40 | 194.56 | OK | |
r-release-linux-x86_64 | 1.0.1 | 8.08 | 181.19 | 189.27 | OK | |
r-release-macos-arm64 | 1.0.1 | 131.00 | OK | |||
r-release-macos-x86_64 | 1.0.1 | 229.00 | OK | |||
r-release-windows-x86_64 | 1.0.1 | 9.00 | 194.00 | 203.00 | OK | |
r-oldrel-macos-arm64 | 1.0.1 | 114.00 | OK | |||
r-oldrel-macos-x86_64 | 1.0.1 | 188.00 | OK | |||
r-oldrel-windows-x86_64 | 1.0.1 | 13.00 | 261.00 | 274.00 | OK |
Version: 1.0.1
Check: dependencies in R code
Result: NOTE
Namespace in Imports field not imported from: ‘Deriv’
All declared Imports should be used.
Flavors: r-devel-linux-x86_64-fedora-clang, r-devel-linux-x86_64-fedora-gcc