CRAN Package Check Results for Package regsem

Last updated on 2021-09-22 06:48:44 CEST.

Flavor Version Tinstall Tcheck Ttotal Status Flags
r-devel-linux-x86_64-debian-clang 1.8.0 84.15 90.62 174.77 OK
r-devel-linux-x86_64-debian-gcc 1.8.0 57.06 70.21 127.27 OK
r-devel-linux-x86_64-fedora-clang 1.8.0 238.64 OK
r-devel-linux-x86_64-fedora-gcc 1.8.0 219.04 OK
r-devel-windows-x86_64 1.8.0 74.00 91.00 165.00 OK
r-devel-windows-x86_64-gcc10-UCRT 1.8.0 ERROR
r-patched-linux-x86_64 1.8.0 66.91 88.79 155.70 OK
r-patched-solaris-x86 1.8.0 234.20 OK
r-release-linux-x86_64 1.8.0 67.69 88.54 156.23 OK
r-release-macos-arm64 1.8.0 OK
r-release-macos-x86_64 1.8.0 OK
r-release-windows-ix86+x86_64 1.8.0 200.00 104.00 304.00 OK
r-oldrel-macos-x86_64 1.8.0 OK
r-oldrel-windows-ix86+x86_64 1.8.0 199.00 104.00 303.00 OK

Check Details

Version: 1.8.0
Check: package dependencies
Result: NOTE
    Package suggested but not available for checking: 'semPlot'
Flavor: r-devel-windows-x86_64-gcc10-UCRT

Version: 1.8.0
Check: whether package can be installed
Result: ERROR
    Installation failed.
Flavor: r-devel-windows-x86_64-gcc10-UCRT