CRAN Package Check Results for Package remoter

Last updated on 2022-10-07 01:51:35 CEST.

Flavor Version Tinstall Tcheck Ttotal Status Flags
r-devel-linux-x86_64-debian-clang 0.4-0 3.04 42.05 45.09 NOTE
r-devel-linux-x86_64-debian-gcc 0.4-0 3.04 33.25 36.29 NOTE
r-devel-linux-x86_64-fedora-clang 0.4-0 74.98 NOTE
r-devel-linux-x86_64-fedora-gcc 0.4-0 67.23 NOTE
r-devel-windows-x86_64 0.4-0 33.00 109.00 142.00 OK
r-patched-linux-x86_64 0.4-0 3.51 40.62 44.13 NOTE
r-release-linux-x86_64 0.4-0 4.17 40.76 44.93 NOTE
r-release-macos-arm64 0.4-0 25.00 OK
r-release-macos-x86_64 0.4-0 37.00 NOTE
r-release-windows-x86_64 0.4-0 35.00 102.00 137.00 OK
r-oldrel-macos-arm64 0.4-0 31.00 OK
r-oldrel-macos-x86_64 0.4-0 54.00 OK
r-oldrel-windows-ix86+x86_64 0.4-0 8.00 79.00 87.00 OK

Check Details

Version: 0.4-0
Check: package dependencies
Result: NOTE
    Package suggested but not available for checking: 'pbdRPC'
Flavors: r-devel-linux-x86_64-debian-clang, r-devel-linux-x86_64-debian-gcc, r-devel-linux-x86_64-fedora-clang, r-devel-linux-x86_64-fedora-gcc, r-patched-linux-x86_64, r-release-linux-x86_64, r-release-macos-x86_64