CRAN Package Check Results for Package report

Last updated on 2021-09-20 08:50:39 CEST.

Flavor Version Tinstall Tcheck Ttotal Status Flags
r-devel-linux-x86_64-debian-clang 0.3.5 8.90 318.23 327.13 OK
r-devel-linux-x86_64-debian-gcc 0.3.5 8.64 236.01 244.65 OK
r-devel-linux-x86_64-fedora-clang 0.3.5 388.99 OK
r-devel-linux-x86_64-fedora-gcc 0.3.5 394.91 OK
r-devel-windows-x86_64 0.3.5 17.00 315.00 332.00 OK
r-devel-windows-x86_64-gcc10-UCRT 0.3.5 ERROR
r-patched-linux-x86_64 0.3.5 7.70 311.29 318.99 OK
r-patched-solaris-x86 0.3.5 508.40 OK
r-release-linux-x86_64 0.3.5 11.63 316.34 327.97 OK
r-release-macos-arm64 0.3.5 OK
r-release-macos-x86_64 0.3.5 OK
r-release-windows-ix86+x86_64 0.3.5 27.00 314.00 341.00 OK
r-oldrel-macos-x86_64 0.3.5 OK
r-oldrel-windows-ix86+x86_64 0.3.5 26.00 280.00 306.00 OK

Check Details

Version: 0.3.5
Check: whether package can be installed
Result: WARN
    Found the following significant warnings:
     WARNING: installation-time patches will not be applied, could not get the patches index
Flavor: r-devel-windows-x86_64-gcc10-UCRT

Version: 0.3.5
Check: PDF version of manual
Result: WARN
    LaTeX errors when creating PDF version.
    This typically indicates Rd problems.
Flavor: r-devel-windows-x86_64-gcc10-UCRT

Version: 0.3.5
Check: PDF version of manual without hyperrefs or index
Result: ERROR
    Re-running with no redirection of stdout/stderr.
Flavor: r-devel-windows-x86_64-gcc10-UCRT