CRAN Package Check Results for Package rfacebookstat

Last updated on 2021-09-20 08:50:39 CEST.

Flavor Version Tinstall Tcheck Ttotal Status Flags
r-devel-linux-x86_64-debian-clang 2.4.0 7.08 60.99 68.07 OK
r-devel-linux-x86_64-debian-gcc 2.4.0 5.50 45.49 50.99 OK
r-devel-linux-x86_64-fedora-clang 2.4.0 89.13 OK
r-devel-linux-x86_64-fedora-gcc 2.4.0 77.29 OK
r-devel-windows-x86_64 2.4.0 8.00 70.00 78.00 OK
r-devel-windows-x86_64-gcc10-UCRT 2.4.0 ERROR
r-patched-linux-x86_64 2.4.0 6.98 57.55 64.53 OK
r-patched-solaris-x86 2.4.0 106.60 OK
r-release-linux-x86_64 2.4.0 4.85 57.31 62.16 OK
r-release-macos-arm64 2.4.0 OK
r-release-macos-x86_64 2.4.0 OK
r-release-windows-ix86+x86_64 2.4.0 15.00 64.00 79.00 OK
r-oldrel-macos-x86_64 2.4.0 OK
r-oldrel-windows-ix86+x86_64 2.4.0 17.00 62.00 79.00 OK

Check Details

Version: 2.4.0
Check: whether package can be installed
Result: WARN
    Found the following significant warnings:
     WARNING: installation-time patches will not be applied, could not get the patches index
Flavor: r-devel-windows-x86_64-gcc10-UCRT

Version: 2.4.0
Check: PDF version of manual
Result: WARN
    LaTeX errors when creating PDF version.
    This typically indicates Rd problems.
Flavor: r-devel-windows-x86_64-gcc10-UCRT

Version: 2.4.0
Check: PDF version of manual without hyperrefs or index
Result: ERROR
    Re-running with no redirection of stdout/stderr.
Flavor: r-devel-windows-x86_64-gcc10-UCRT