CRAN Package Check Results for Package rhosp

Last updated on 2021-09-19 06:49:22 CEST.

Flavor Version Tinstall Tcheck Ttotal Status Flags
r-devel-linux-x86_64-debian-clang 1.10 3.15 37.24 40.39 NOTE
r-devel-linux-x86_64-debian-gcc 1.10 2.93 28.75 31.68 NOTE
r-devel-linux-x86_64-fedora-clang 1.10 58.15 NOTE
r-devel-linux-x86_64-fedora-gcc 1.10 47.06 NOTE
r-devel-windows-x86_64 1.10 5.00 49.00 54.00 OK
r-devel-windows-x86_64-gcc10-UCRT 1.10 ERROR
r-patched-linux-x86_64 1.10 3.70 36.79 40.49 NOTE
r-patched-solaris-x86 1.10 61.80 NOTE
r-release-linux-x86_64 1.10 3.30 36.04 39.34 NOTE
r-release-macos-arm64 1.10 OK
r-release-macos-x86_64 1.10 OK
r-release-windows-ix86+x86_64 1.10 7.00 37.00 44.00 OK
r-oldrel-macos-x86_64 1.10 OK
r-oldrel-windows-ix86+x86_64 1.10 5.00 37.00 42.00 OK

Check Details

Version: 1.10
Check: for non-standard things in the check directory
Result: NOTE
    Found the following files/directories:
     'mydata.rda' 'thedata.rda'
Flavors: r-devel-linux-x86_64-debian-clang, r-devel-linux-x86_64-debian-gcc, r-devel-linux-x86_64-fedora-clang, r-devel-linux-x86_64-fedora-gcc, r-patched-linux-x86_64, r-patched-solaris-x86, r-release-linux-x86_64

Version: 1.10
Check: whether package can be installed
Result: WARN
    Found the following significant warnings:
     WARNING: installation-time patches will not be applied, could not get the patches index
Flavor: r-devel-windows-x86_64-gcc10-UCRT

Version: 1.10
Check: PDF version of manual
Result: WARN
    LaTeX errors when creating PDF version.
    This typically indicates Rd problems.
Flavor: r-devel-windows-x86_64-gcc10-UCRT

Version: 1.10
Check: PDF version of manual without hyperrefs or index
Result: ERROR
    Re-running with no redirection of stdout/stderr.
Flavor: r-devel-windows-x86_64-gcc10-UCRT