CRAN Package Check Results for Package riskParityPortfolio

Last updated on 2021-09-23 08:51:18 CEST.

Flavor Version Tinstall Tcheck Ttotal Status Flags
r-devel-linux-x86_64-debian-clang 0.2.2 87.93 51.44 139.37 OK
r-devel-linux-x86_64-debian-gcc 0.2.2 64.00 41.84 105.84 OK
r-devel-linux-x86_64-fedora-clang 0.2.2 213.64 NOTE
r-devel-linux-x86_64-fedora-gcc 0.2.2 167.85 OK
r-devel-windows-x86_64 0.2.2 80.00 64.00 144.00 OK
r-devel-windows-x86_64-gcc10-UCRT 0.2.2 ERROR
r-patched-linux-x86_64 0.2.2 79.14 54.75 133.89 OK
r-patched-solaris-x86 0.2.2 170.70 OK
r-release-linux-x86_64 0.2.2 80.92 54.83 135.75 OK
r-release-macos-arm64 0.2.2 NOTE
r-release-macos-x86_64 0.2.2 NOTE
r-release-windows-ix86+x86_64 0.2.2 208.00 82.00 290.00 OK
r-oldrel-macos-x86_64 0.2.2 NOTE
r-oldrel-windows-ix86+x86_64 0.2.2 151.00 80.00 231.00 OK

Check Details

Version: 0.2.2
Check: installed package size
Result: NOTE
     installed size is 23.1Mb
     sub-directories of 1Mb or more:
     doc 1.4Mb
     libs 21.5Mb
Flavors: r-devel-linux-x86_64-fedora-clang, r-release-macos-arm64, r-release-macos-x86_64, r-oldrel-macos-x86_64

Version: 0.2.2
Check: whether package can be installed
Result: ERROR
    Installation failed.
Flavor: r-devel-windows-x86_64-gcc10-UCRT