CRAN Package Check Results for Package rjade

Last updated on 2021-09-22 06:48:45 CEST.

Flavor Version Tinstall Tcheck Ttotal Status Flags
r-devel-linux-x86_64-debian-clang 0.1.1 2.88 32.26 35.14 OK
r-devel-linux-x86_64-debian-gcc 0.1.1 2.28 25.78 28.06 OK
r-devel-linux-x86_64-fedora-clang 0.1.1 52.12 OK
r-devel-linux-x86_64-fedora-gcc 0.1.1 43.40 OK
r-devel-windows-x86_64 0.1.1 6.00 49.00 55.00 OK
r-devel-windows-x86_64-gcc10-UCRT 0.1.1 ERROR
r-patched-linux-x86_64 0.1.1 2.49 31.54 34.03 OK
r-patched-solaris-x86 0.1.1 64.00 OK
r-release-linux-x86_64 0.1.1 2.66 31.75 34.41 OK
r-release-macos-arm64 0.1.1 OK
r-release-macos-x86_64 0.1.1 OK
r-release-windows-ix86+x86_64 0.1.1 10.00 48.00 58.00 OK
r-oldrel-macos-x86_64 0.1.1 OK
r-oldrel-windows-ix86+x86_64 0.1.1 11.00 51.00 62.00 OK

Check Details

Version: 0.1.1
Check: PDF version of manual
Result: WARN
    LaTeX errors when creating PDF version.
    This typically indicates Rd problems.
Flavor: r-devel-windows-x86_64-gcc10-UCRT

Version: 0.1.1
Check: PDF version of manual without hyperrefs or index
Result: ERROR
    Re-running with no redirection of stdout/stderr.
Flavor: r-devel-windows-x86_64-gcc10-UCRT