CRAN Package Check Results for Package rjqpd

Last updated on 2021-09-22 06:48:45 CEST.

Flavor Version Tinstall Tcheck Ttotal Status Flags
r-devel-linux-x86_64-debian-clang 0.2.3 2.15 24.21 26.36 NOTE
r-devel-linux-x86_64-debian-gcc 0.2.3 1.80 19.09 20.89 NOTE
r-devel-linux-x86_64-fedora-clang 0.2.3 39.66 NOTE
r-devel-linux-x86_64-fedora-gcc 0.2.3 31.58 NOTE
r-devel-windows-x86_64 0.2.3 4.00 33.00 37.00 NOTE
r-devel-windows-x86_64-gcc10-UCRT 0.2.3 ERROR
r-patched-linux-x86_64 0.2.3 2.24 23.56 25.80 NOTE
r-patched-solaris-x86 0.2.3 46.20 NOTE
r-release-linux-x86_64 0.2.3 2.25 23.61 25.86 NOTE
r-release-macos-arm64 0.2.3 NOTE
r-release-macos-x86_64 0.2.3 NOTE
r-release-windows-ix86+x86_64 0.2.3 5.00 32.00 37.00 NOTE
r-oldrel-macos-x86_64 0.2.3 OK
r-oldrel-windows-ix86+x86_64 0.2.3 5.00 31.00 36.00 OK

Check Details

Version: 0.2.3
Check: LazyData
Result: NOTE
     'LazyData' is specified without a 'data' directory
Flavors: r-devel-linux-x86_64-debian-clang, r-devel-linux-x86_64-debian-gcc, r-devel-linux-x86_64-fedora-clang, r-devel-linux-x86_64-fedora-gcc, r-devel-windows-x86_64, r-devel-windows-x86_64-gcc10-UCRT, r-patched-linux-x86_64, r-patched-solaris-x86, r-release-linux-x86_64, r-release-macos-arm64, r-release-macos-x86_64, r-release-windows-ix86+x86_64

Version: 0.2.3
Check: package dependencies
Result: NOTE
    Package suggested but not available for checking: 'devtools'
Flavor: r-devel-windows-x86_64-gcc10-UCRT

Version: 0.2.3
Check: PDF version of manual
Result: WARN
    LaTeX errors when creating PDF version.
    This typically indicates Rd problems.
Flavor: r-devel-windows-x86_64-gcc10-UCRT

Version: 0.2.3
Check: PDF version of manual without hyperrefs or index
Result: ERROR
    Re-running with no redirection of stdout/stderr.
Flavor: r-devel-windows-x86_64-gcc10-UCRT