CRAN Package Check Results for Package rmdfiltr

Last updated on 2021-09-28 06:48:36 CEST.

Flavor Version Tinstall Tcheck Ttotal Status Flags
r-devel-linux-x86_64-debian-clang 0.1.3 2.02 28.29 30.31 NOTE
r-devel-linux-x86_64-debian-gcc 0.1.3 1.54 22.48 24.02 NOTE
r-devel-linux-x86_64-fedora-clang 0.1.3 45.42 NOTE
r-devel-linux-x86_64-fedora-gcc 0.1.3 35.29 NOTE
r-devel-windows-x86_64 0.1.3 3.00 39.00 42.00 NOTE
r-devel-windows-x86_64-gcc10-UCRT 0.1.3 NOTE
r-patched-linux-x86_64 0.1.3 1.92 27.67 29.59 NOTE
r-patched-solaris-x86 0.1.3 51.80 NOTE
r-release-linux-x86_64 0.1.3 1.71 27.63 29.34 NOTE
r-release-macos-arm64 0.1.3 NOTE
r-release-macos-x86_64 0.1.3 NOTE
r-release-windows-ix86+x86_64 0.1.3 5.00 36.00 41.00 NOTE
r-oldrel-macos-x86_64 0.1.3 OK
r-oldrel-windows-ix86+x86_64 0.1.3 4.00 35.00 39.00 OK

Check Details

Version: 0.1.3
Check: LazyData
Result: NOTE
     'LazyData' is specified without a 'data' directory
Flavors: r-devel-linux-x86_64-debian-clang, r-devel-linux-x86_64-debian-gcc, r-devel-linux-x86_64-fedora-clang, r-devel-linux-x86_64-fedora-gcc, r-devel-windows-x86_64, r-devel-windows-x86_64-gcc10-UCRT, r-patched-linux-x86_64, r-patched-solaris-x86, r-release-linux-x86_64, r-release-macos-arm64, r-release-macos-x86_64, r-release-windows-ix86+x86_64