CRAN Package Check Results for Package rminizinc

Last updated on 2023-05-28 01:54:07 CEST.

Flavor Version Tinstall Tcheck Ttotal Status Flags
r-devel-linux-x86_64-debian-clang 0.0.8 72.14 75.28 147.42 NOTE
r-devel-linux-x86_64-debian-gcc 0.0.8 53.47 57.15 110.62 NOTE
r-devel-linux-x86_64-fedora-clang 0.0.8 215.00 NOTE
r-devel-linux-x86_64-fedora-gcc 0.0.8 209.39 NOTE
r-devel-windows-x86_64 0.0.8 96.00 114.00 210.00 NOTE
r-patched-linux-x86_64 0.0.8 60.34 70.87 131.21 NOTE
r-release-linux-x86_64 0.0.8 59.79 72.93 132.72 NOTE
r-release-macos-arm64 0.0.8 70.00 NOTE
r-release-macos-x86_64 0.0.8 116.00 NOTE
r-release-windows-x86_64 0.0.8 102.00 126.00 228.00 NOTE
r-oldrel-macos-arm64 0.0.8 56.00 NOTE
r-oldrel-macos-x86_64 0.0.8 73.00 NOTE
r-oldrel-windows-x86_64 0.0.8 103.00 108.00 211.00 NOTE

Check Details

Version: 0.0.8
Check: C++ specification
Result: NOTE
     Specified C++11: please drop specification unless essential
Flavors: r-devel-linux-x86_64-debian-clang, r-devel-linux-x86_64-debian-gcc, r-devel-linux-x86_64-fedora-clang, r-devel-linux-x86_64-fedora-gcc, r-devel-windows-x86_64, r-patched-linux-x86_64, r-release-linux-x86_64, r-release-macos-arm64, r-release-macos-x86_64, r-release-windows-x86_64

Version: 0.0.8
Check: installed package size
Result: NOTE
     installed size is 5.9Mb
     sub-directories of 1Mb or more:
     minizinc 3.4Mb
Flavors: r-devel-linux-x86_64-fedora-clang, r-devel-windows-x86_64, r-release-macos-arm64, r-release-macos-x86_64, r-release-windows-x86_64, r-oldrel-macos-arm64, r-oldrel-macos-x86_64, r-oldrel-windows-x86_64