CRAN Package Check Results for Package rnrfa

Last updated on 2021-09-22 06:48:46 CEST.

Flavor Version Tinstall Tcheck Ttotal Status Flags
r-devel-linux-x86_64-debian-clang 2.0.4 7.26 93.75 101.01 NOTE
r-devel-linux-x86_64-debian-gcc 2.0.4 6.46 69.42 75.88 NOTE
r-devel-linux-x86_64-fedora-clang 2.0.4 128.96 NOTE
r-devel-linux-x86_64-fedora-gcc 2.0.4 118.04 NOTE
r-devel-windows-x86_64 2.0.4 11.00 109.00 120.00 NOTE
r-devel-windows-x86_64-gcc10-UCRT 2.0.4 ERROR
r-patched-linux-x86_64 2.0.4 8.63 86.49 95.12 NOTE
r-patched-solaris-x86 2.0.4 188.40 NOTE
r-release-linux-x86_64 2.0.4 6.30 86.13 92.43 NOTE
r-release-macos-arm64 2.0.4 NOTE
r-release-macos-x86_64 2.0.4 NOTE
r-release-windows-ix86+x86_64 2.0.4 20.00 102.00 122.00 NOTE
r-oldrel-macos-x86_64 2.0.4 OK
r-oldrel-windows-ix86+x86_64 2.0.4 20.00 97.00 117.00 OK

Check Details

Version: 2.0.4
Check: LazyData
Result: NOTE
     'LazyData' is specified without a 'data' directory
Flavors: r-devel-linux-x86_64-debian-clang, r-devel-linux-x86_64-debian-gcc, r-devel-linux-x86_64-fedora-clang, r-devel-linux-x86_64-fedora-gcc, r-devel-windows-x86_64, r-patched-linux-x86_64, r-patched-solaris-x86, r-release-linux-x86_64, r-release-macos-arm64, r-release-macos-x86_64, r-release-windows-ix86+x86_64

Version: 2.0.4
Check: package dependencies
Result: ERROR
    Packages required but not available: 'rgdal', 'ggmap'
    
    Package suggested but not available for checking: 'lintr'
    
    See section 'The DESCRIPTION file' in the 'Writing R Extensions'
    manual.
Flavor: r-devel-windows-x86_64-gcc10-UCRT