CRAN Package Check Results for Package robcor

Last updated on 2021-09-21 06:48:47 CEST.

Flavor Version Tinstall Tcheck Ttotal Status Flags
r-devel-linux-x86_64-debian-clang 0.1-6 1.60 23.03 24.63 NOTE
r-devel-linux-x86_64-debian-gcc 0.1-6 1.62 17.74 19.36 NOTE
r-devel-linux-x86_64-fedora-clang 0.1-6 39.82 NOTE
r-devel-linux-x86_64-fedora-gcc 0.1-6 29.32 NOTE
r-devel-windows-x86_64 0.1-6 3.00 32.00 35.00 NOTE
r-devel-windows-x86_64-gcc10-UCRT 0.1-6 ERROR
r-patched-linux-x86_64 0.1-6 2.38 22.06 24.44 NOTE
r-patched-solaris-x86 0.1-6 44.30 NOTE
r-release-linux-x86_64 0.1-6 1.96 22.37 24.33 NOTE
r-release-macos-arm64 0.1-6 NOTE
r-release-macos-x86_64 0.1-6 NOTE
r-release-windows-ix86+x86_64 0.1-6 4.00 31.00 35.00 NOTE
r-oldrel-macos-x86_64 0.1-6 NOTE
r-oldrel-windows-ix86+x86_64 0.1-6 4.00 26.00 30.00 NOTE

Check Details

Version: 0.1-6
Check: dependencies in R code
Result: NOTE
    'library' or 'require' calls in package code:
     'robustbase' 'sfsmisc'
     Please use :: or requireNamespace() instead.
     See section 'Suggested packages' in the 'Writing R Extensions' manual.
Flavors: r-devel-linux-x86_64-debian-clang, r-devel-linux-x86_64-debian-gcc, r-devel-linux-x86_64-fedora-clang, r-devel-linux-x86_64-fedora-gcc, r-devel-windows-x86_64, r-devel-windows-x86_64-gcc10-UCRT, r-patched-linux-x86_64, r-patched-solaris-x86, r-release-linux-x86_64, r-release-macos-arm64, r-release-macos-x86_64, r-release-windows-ix86+x86_64, r-oldrel-macos-x86_64, r-oldrel-windows-ix86+x86_64

Version: 0.1-6
Check: R code for possible problems
Result: NOTE
    .BuildPartial: no visible global function definition for 'as.formula'
    .BuildPartial: no visible global function definition for 'residuals'
    .PairwiseCorrelation : .Standardize : <anonymous>: no visible global
     function definition for 'na.omit'
    .PairwiseCorrelation : .Standardize: no visible binding for global
     variable 'median'
    .PairwiseCorrelation: no visible global function definition for
     'complete.cases'
    .yw: no visible global function definition for 'toeplitz'
    FastQn: no visible global function definition for 'median'
    FastQn: no visible global function definition for 'mad'
    fqn: no visible global function definition for 'median'
    fqn: no visible global function definition for 'mad'
    psdcor: no visible global function definition for 'posdefify'
    psdcor: no visible global function definition for 'nearcor'
    robar: no visible global function definition for 'frequency'
    robcor: no visible global function definition for 'covMcd'
    s_FastQn: no visible global function definition for 'median'
    Undefined global functions or variables:
     as.formula complete.cases covMcd frequency mad median na.omit nearcor
     posdefify residuals toeplitz
    Consider adding
     importFrom("stats", "as.formula", "complete.cases", "frequency", "mad",
     "median", "na.omit", "residuals", "toeplitz")
    to your NAMESPACE file.
Flavors: r-devel-linux-x86_64-debian-clang, r-devel-linux-x86_64-debian-gcc, r-devel-linux-x86_64-fedora-clang, r-devel-linux-x86_64-fedora-gcc, r-devel-windows-x86_64, r-devel-windows-x86_64-gcc10-UCRT, r-patched-linux-x86_64, r-patched-solaris-x86, r-release-linux-x86_64, r-release-macos-arm64, r-release-macos-x86_64, r-release-windows-ix86+x86_64, r-oldrel-macos-x86_64, r-oldrel-windows-ix86+x86_64

Version: 0.1-6
Check: whether package can be installed
Result: WARN
    Found the following significant warnings:
     WARNING: installation-time patches will not be applied, could not get the patches index
Flavor: r-devel-windows-x86_64-gcc10-UCRT

Version: 0.1-6
Check: PDF version of manual
Result: WARN
    LaTeX errors when creating PDF version.
    This typically indicates Rd problems.
Flavor: r-devel-windows-x86_64-gcc10-UCRT

Version: 0.1-6
Check: PDF version of manual without hyperrefs or index
Result: ERROR
    Re-running with no redirection of stdout/stderr.
Flavor: r-devel-windows-x86_64-gcc10-UCRT