CRAN Package Check Results for Package robservable

Last updated on 2021-09-18 09:53:36 CEST.

Flavor Version Tinstall Tcheck Ttotal Status Flags
r-devel-linux-x86_64-debian-clang 0.2.0 2.91 45.66 48.57 NOTE
r-devel-linux-x86_64-debian-gcc 0.2.0 2.03 35.59 37.62 NOTE
r-devel-linux-x86_64-fedora-clang 0.2.0 76.18 NOTE
r-devel-linux-x86_64-fedora-gcc 0.2.0 65.52 NOTE
r-devel-windows-x86_64 0.2.0 4.00 72.00 76.00 NOTE
r-devel-windows-x86_64-gcc10-UCRT 0.2.0 NOTE
r-patched-linux-x86_64 0.2.0 3.00 44.83 47.83 NOTE
r-patched-solaris-x86 0.2.0 83.50 NOTE
r-release-linux-x86_64 0.2.0 2.96 46.02 48.98 NOTE
r-release-macos-arm64 0.2.0 NOTE
r-release-macos-x86_64 0.2.0 NOTE
r-release-windows-ix86+x86_64 0.2.0 6.00 53.00 59.00 NOTE
r-oldrel-macos-x86_64 0.2.0 OK
r-oldrel-windows-ix86+x86_64 0.2.0 7.00 48.00 55.00 OK

Check Details

Version: 0.2.0
Check: LazyData
Result: NOTE
     'LazyData' is specified without a 'data' directory
Flavors: r-devel-linux-x86_64-debian-clang, r-devel-linux-x86_64-debian-gcc, r-devel-linux-x86_64-fedora-clang, r-devel-linux-x86_64-fedora-gcc, r-devel-windows-x86_64, r-devel-windows-x86_64-gcc10-UCRT, r-patched-linux-x86_64, r-patched-solaris-x86, r-release-linux-x86_64, r-release-macos-arm64, r-release-macos-x86_64, r-release-windows-ix86+x86_64