CRAN Package Check Results for Package rrcovHD

Last updated on 2021-09-21 06:48:48 CEST.

Flavor Version Tinstall Tcheck Ttotal Status Flags
r-devel-linux-x86_64-debian-clang 0.2-7 27.04 85.11 112.15 OK
r-devel-linux-x86_64-debian-gcc 0.2-7 18.29 63.83 82.12 OK
r-devel-linux-x86_64-fedora-clang 0.2-7 147.64 OK
r-devel-linux-x86_64-fedora-gcc 0.2-7 131.51 OK
r-devel-windows-x86_64 0.2-7 33.00 89.00 122.00 OK
r-devel-windows-x86_64-gcc10-UCRT 0.2-7 ERROR
r-patched-linux-x86_64 0.2-7 29.61 80.00 109.61 OK
r-patched-solaris-x86 0.2-7 168.50 OK
r-release-linux-x86_64 0.2-7 22.08 79.26 101.34 OK
r-release-macos-arm64 0.2-7 OK
r-release-macos-x86_64 0.2-7 OK
r-release-windows-ix86+x86_64 0.2-7 62.00 116.00 178.00 OK
r-oldrel-macos-x86_64 0.2-7 OK
r-oldrel-windows-ix86+x86_64 0.2-7 64.00 127.00 191.00 OK

Check Details

Version: 0.2-7
Check: whether package can be installed
Result: ERROR
    Installation failed.
Flavor: r-devel-windows-x86_64-gcc10-UCRT