CRAN Package Check Results for Package rstpm2

Last updated on 2021-09-21 06:48:49 CEST.

Flavor Version Tinstall Tcheck Ttotal Status Flags
r-devel-linux-x86_64-debian-clang 1.5.2 189.38 182.26 371.64 OK
r-devel-linux-x86_64-debian-gcc 1.5.2 137.44 139.40 276.84 OK
r-devel-linux-x86_64-fedora-clang 1.5.2 503.99 NOTE
r-devel-linux-x86_64-fedora-gcc 1.5.2 461.77 OK
r-devel-windows-x86_64 1.5.2 164.00 187.00 351.00 OK
r-devel-windows-x86_64-gcc10-UCRT 1.5.2 ERROR
r-patched-linux-x86_64 1.5.2 157.48 181.96 339.44 OK
r-patched-solaris-x86 1.5.2 461.00 OK
r-release-linux-x86_64 1.5.2 153.18 181.90 335.08 OK
r-release-macos-arm64 1.5.2 NOTE
r-release-macos-x86_64 1.5.2 NOTE
r-release-windows-ix86+x86_64 1.5.2 417.00 249.00 666.00 NOTE
r-oldrel-macos-x86_64 1.5.2 NOTE
r-oldrel-windows-ix86+x86_64 1.5.2 403.00 242.00 645.00 NOTE

Check Details

Version: 1.5.2
Check: installed package size
Result: NOTE
     installed size is 16.2Mb
     sub-directories of 1Mb or more:
     libs 13.7Mb
Flavors: r-devel-linux-x86_64-fedora-clang, r-release-macos-arm64, r-release-macos-x86_64, r-release-windows-ix86+x86_64, r-oldrel-macos-x86_64, r-oldrel-windows-ix86+x86_64

Version: 1.5.2
Check: Rd cross-references
Result: NOTE
    Undeclared package ‘flexsurv’ in Rd xrefs
Flavor: r-devel-linux-x86_64-fedora-clang

Version: 1.5.2
Check: whether package can be installed
Result: ERROR
    Installation failed.
Flavor: r-devel-windows-x86_64-gcc10-UCRT