CRAN Package Check Results for Package rsurfer

Last updated on 2021-11-27 07:50:02 CET.

Flavor Version Tinstall Tcheck Ttotal Status Flags
r-devel-linux-x86_64-debian-clang 0.2 NOTE
r-devel-linux-x86_64-debian-gcc 0.2 4.11 35.71 39.82 NOTE
r-devel-linux-x86_64-fedora-clang 0.2 75.61 OK
r-devel-linux-x86_64-fedora-gcc 0.2 64.06 OK
r-devel-windows-x86_64-new-UL 0.2 15.00 94.00 109.00 NOTE
r-devel-windows-x86_64-new-TK 0.2 OK
r-devel-windows-x86_64-old 0.2 8.00 69.00 77.00 NOTE
r-patched-linux-x86_64 0.2 5.81 46.49 52.30 NOTE
r-patched-solaris-x86 0.2 82.60 OK
r-release-linux-x86_64 0.2 NOTE
r-release-macos-arm64 0.2 OK
r-release-macos-x86_64 0.2 OK
r-release-windows-ix86+x86_64 0.2 12.00 52.00 64.00 NOTE
r-oldrel-macos-x86_64 0.2 OK
r-oldrel-windows-ix86+x86_64 0.2 9.00 67.00 76.00 NOTE

Check Details

Version: 0.2
Check: package vignettes
Result: NOTE
    Package vignette with placeholder title 'Vignette Title':
     'main-vignette.Rmd'
Flavors: r-devel-linux-x86_64-debian-clang, r-devel-linux-x86_64-debian-gcc, r-devel-windows-x86_64-new-UL, r-devel-windows-x86_64-old, r-patched-linux-x86_64, r-release-linux-x86_64, r-release-windows-ix86+x86_64, r-oldrel-windows-ix86+x86_64