CRAN Package Check Results for Package s20x

Last updated on 2021-09-19 07:50:45 CEST.

Flavor Version Tinstall Tcheck Ttotal Status Flags
r-devel-linux-x86_64-debian-clang 3.1-31 6.89 55.96 62.85 OK
r-devel-linux-x86_64-debian-gcc 3.1-31 4.61 42.51 47.12 OK
r-devel-linux-x86_64-fedora-clang 3.1-31 83.23 OK
r-devel-linux-x86_64-fedora-gcc 3.1-31 72.35 OK
r-devel-windows-x86_64 3.1-31 9.00 82.00 91.00 OK
r-devel-windows-x86_64-gcc10-UCRT 3.1-31 ERROR
r-patched-linux-x86_64 3.1-31 6.62 54.02 60.64 OK
r-patched-solaris-x86 3.1-31 105.40 OK
r-release-linux-x86_64 3.1-31 5.48 54.01 59.49 OK
r-release-macos-arm64 3.1-31 OK
r-release-macos-x86_64 3.1-31 OK
r-release-windows-ix86+x86_64 3.1-31 12.00 61.00 73.00 OK
r-oldrel-macos-x86_64 3.1-31 OK
r-oldrel-windows-ix86+x86_64 3.1-31 9.00 58.00 67.00 OK

Check Details

Version: 3.1-31
Check: whether package can be installed
Result: WARN
    Found the following significant warnings:
     WARNING: installation-time patches will not be applied, could not get the patches index
Flavor: r-devel-windows-x86_64-gcc10-UCRT

Version: 3.1-31
Check: PDF version of manual
Result: WARN
    LaTeX errors when creating PDF version.
    This typically indicates Rd problems.
Flavor: r-devel-windows-x86_64-gcc10-UCRT

Version: 3.1-31
Check: PDF version of manual without hyperrefs or index
Result: ERROR
    Re-running with no redirection of stdout/stderr.
Flavor: r-devel-windows-x86_64-gcc10-UCRT