CRAN Package Check Results for Package s2dverification

Last updated on 2021-09-19 07:50:45 CEST.

Flavor Version Tinstall Tcheck Ttotal Status Flags
r-devel-linux-x86_64-debian-clang 2.10.0 23.80 169.38 193.18 OK
r-devel-linux-x86_64-debian-gcc 2.10.0 19.61 121.08 140.69 OK
r-devel-linux-x86_64-fedora-clang 2.10.0 233.75 OK
r-devel-linux-x86_64-fedora-gcc 2.10.0 222.01 OK
r-devel-windows-x86_64 2.10.0 26.00 202.00 228.00 OK
r-devel-windows-x86_64-gcc10-UCRT 2.10.0 ERROR
r-patched-linux-x86_64 2.10.0 23.25 156.77 180.02 OK
r-patched-solaris-x86 2.10.0 272.50 OK
r-release-linux-x86_64 2.10.0 22.43 157.64 180.07 OK
r-release-macos-arm64 2.10.0 OK
r-release-macos-x86_64 2.10.0 OK
r-release-windows-ix86+x86_64 2.10.0 46.00 144.00 190.00 OK
r-oldrel-macos-x86_64 2.10.0 OK
r-oldrel-windows-ix86+x86_64 2.10.0 50.00 140.00 190.00 OK

Check Details

Version: 2.10.0
Check: whether package can be installed
Result: WARN
    Found the following significant warnings:
     WARNING: installation-time patches will not be applied, could not get the patches index
Flavor: r-devel-windows-x86_64-gcc10-UCRT

Version: 2.10.0
Check: PDF version of manual
Result: WARN
    LaTeX errors when creating PDF version.
    This typically indicates Rd problems.
Flavor: r-devel-windows-x86_64-gcc10-UCRT

Version: 2.10.0
Check: PDF version of manual without hyperrefs or index
Result: ERROR
    Re-running with no redirection of stdout/stderr.
Flavor: r-devel-windows-x86_64-gcc10-UCRT