Last updated on 2023-05-28 01:54:08 CEST.
Flavor | Version | Tinstall | Tcheck | Ttotal | Status | Flags |
---|---|---|---|---|---|---|
r-devel-linux-x86_64-debian-clang | 0.2.1 | 8.42 | 60.59 | 69.01 | OK | |
r-devel-linux-x86_64-debian-gcc | 0.2.1 | 6.67 | 45.88 | 52.55 | OK | |
r-devel-linux-x86_64-fedora-clang | 0.2.1 | 91.90 | NOTE | |||
r-devel-linux-x86_64-fedora-gcc | 0.2.1 | 101.89 | NOTE | |||
r-devel-windows-x86_64 | 0.2.1 | 11.00 | 66.00 | 77.00 | OK | |
r-patched-linux-x86_64 | 0.2.1 | 8.53 | 57.79 | 66.32 | OK | |
r-release-linux-x86_64 | 0.2.1 | 7.58 | 58.67 | 66.25 | OK | |
r-release-macos-arm64 | 0.2.1 | 33.00 | OK | |||
r-release-macos-x86_64 | 0.2.1 | 52.00 | OK | |||
r-release-windows-x86_64 | 0.2.1 | 11.00 | 76.00 | 87.00 | OK | |
r-oldrel-macos-arm64 | 0.2.1 | 25.00 | NOTE | |||
r-oldrel-macos-x86_64 | 0.2.1 | 35.00 | NOTE | |||
r-oldrel-windows-x86_64 | 0.2.1 | 11.00 | 74.00 | 85.00 | OK |
Version: 0.2.1
Check: dependencies in R code
Result: NOTE
Namespaces in Imports field not imported from:
‘CARBayesdata’ ‘MASS’ ‘nimble’
All declared Imports should be used.
Flavors: r-devel-linux-x86_64-fedora-clang, r-devel-linux-x86_64-fedora-gcc, r-oldrel-macos-arm64, r-oldrel-macos-x86_64