CRAN Package Check Results for Package saeHB.zinb

Last updated on 2023-05-28 01:54:08 CEST.

Flavor Version Tinstall Tcheck Ttotal Status Flags
r-devel-linux-x86_64-debian-clang 0.1.1 3.99 61.57 65.56 OK
r-devel-linux-x86_64-debian-gcc 0.1.1 3.18 46.68 49.86 OK
r-devel-linux-x86_64-fedora-clang 0.1.1 88.03 OK
r-devel-linux-x86_64-fedora-gcc 0.1.1 98.08 OK
r-devel-windows-x86_64 0.1.1 5.00 75.00 80.00 OK
r-patched-linux-x86_64 0.1.1 3.70 61.99 65.69 OK
r-release-linux-x86_64 0.1.1 3.41 60.70 64.11 OK
r-release-macos-arm64 0.1.1 38.00 OK
r-release-macos-x86_64 0.1.1 49.00 NOTE
r-release-windows-x86_64 0.1.1 6.00 82.00 88.00 OK
r-oldrel-macos-arm64 0.1.1 26.00 OK
r-oldrel-macos-x86_64 0.1.1 36.00 OK
r-oldrel-windows-x86_64 0.1.1 6.00 85.00 91.00 OK

Check Details

Version: 0.1.1
Check: package dependencies
Result: NOTE
    Package suggested but not available for checking: ‘saeHB’
Flavor: r-release-macos-x86_64