CRAN Package Check Results for Package safer

Last updated on 2023-09-23 01:54:24 CEST.

Flavor Version Tinstall Tcheck Ttotal Status Flags
r-devel-linux-x86_64-debian-clang 0.2.1 2.70 22.58 25.28 NOTE
r-devel-linux-x86_64-debian-gcc 0.2.1 1.98 17.89 19.87 NOTE
r-devel-linux-x86_64-fedora-clang 0.2.1 31.50 NOTE
r-devel-linux-x86_64-fedora-gcc 0.2.1 30.63 NOTE
r-devel-windows-x86_64 0.2.1 4.00 43.00 47.00 NOTE
r-patched-linux-x86_64 0.2.1 2.17 22.19 24.36 NOTE
r-release-linux-x86_64 0.2.1 2.24 22.70 24.94 NOTE
r-release-macos-arm64 0.2.1 16.00 NOTE
r-release-macos-x86_64 0.2.1 20.00 NOTE
r-release-windows-x86_64 0.2.1 3.00 40.00 43.00 NOTE
r-oldrel-macos-arm64 0.2.1 18.00 NOTE
r-oldrel-macos-x86_64 0.2.1 22.00 NOTE
r-oldrel-windows-x86_64 0.2.1 4.00 84.00 88.00 NOTE

Check Details

Version: 0.2.1
Check: package subdirectories
Result: NOTE
    Problems with news in ‘NEWS.md’:
    No news entries found.
Flavors: r-devel-linux-x86_64-debian-clang, r-devel-linux-x86_64-debian-gcc, r-devel-linux-x86_64-fedora-clang, r-devel-linux-x86_64-fedora-gcc, r-devel-windows-x86_64, r-patched-linux-x86_64, r-release-linux-x86_64, r-release-macos-arm64, r-release-macos-x86_64, r-release-windows-x86_64

Version: 0.2.1
Check: LazyData
Result: NOTE
     'LazyData' is specified without a 'data' directory
Flavors: r-devel-linux-x86_64-debian-clang, r-devel-linux-x86_64-debian-gcc, r-devel-linux-x86_64-fedora-clang, r-devel-linux-x86_64-fedora-gcc, r-devel-windows-x86_64, r-patched-linux-x86_64, r-release-linux-x86_64, r-release-macos-arm64, r-release-macos-x86_64, r-release-windows-x86_64, r-oldrel-macos-arm64, r-oldrel-macos-x86_64, r-oldrel-windows-x86_64