CRAN Package Check Results for Package sankey

Last updated on 2022-08-10 01:49:19 CEST.

Flavor Version Tinstall Tcheck Ttotal Status Flags
r-devel-linux-x86_64-debian-clang 1.0.2 2.81 41.77 44.58 NOTE
r-devel-linux-x86_64-debian-gcc 1.0.2 1.72 30.58 32.30 NOTE
r-devel-linux-x86_64-fedora-clang 1.0.2 63.35 NOTE
r-devel-linux-x86_64-fedora-gcc 1.0.2 62.19 NOTE
r-devel-windows-x86_64 1.0.2 12.00 63.00 75.00 NOTE
r-patched-linux-x86_64 1.0.2 3.04 40.19 43.23 NOTE
r-release-linux-x86_64 1.0.2 NOTE
r-release-macos-arm64 1.0.2 21.00 NOTE
r-release-macos-x86_64 1.0.2 27.00 NOTE
r-release-windows-x86_64 1.0.2 11.00 64.00 75.00 NOTE
r-oldrel-macos-arm64 1.0.2 24.00 NOTE
r-oldrel-macos-x86_64 1.0.2 46.00 NOTE
r-oldrel-windows-ix86+x86_64 1.0.2 6.00 60.00 66.00 NOTE

Check Details

Version: 1.0.2
Check: LazyData
Result: NOTE
     'LazyData' is specified without a 'data' directory
Flavors: r-devel-linux-x86_64-debian-clang, r-devel-linux-x86_64-debian-gcc, r-devel-linux-x86_64-fedora-clang, r-devel-linux-x86_64-fedora-gcc, r-devel-windows-x86_64, r-patched-linux-x86_64, r-release-linux-x86_64, r-release-macos-arm64, r-release-macos-x86_64, r-release-windows-x86_64, r-oldrel-macos-arm64, r-oldrel-macos-x86_64, r-oldrel-windows-ix86+x86_64