CRAN Package Check Results for Package sbm

Last updated on 2021-10-22 13:57:23 CEST.

Flavor Version Tinstall Tcheck Ttotal Status Flags
r-devel-linux-x86_64-debian-clang 0.4.3 43.80 464.00 507.80 OK
r-devel-linux-x86_64-debian-gcc 0.4.3 34.51 333.85 368.36 OK
r-devel-linux-x86_64-fedora-clang 0.4.3 609.66 OK
r-devel-linux-x86_64-fedora-gcc 0.4.3 595.00 OK
r-devel-windows-x86_64 0.4.3 67.00 270.00 337.00 OK
r-devel-windows-x86_64-gcc10-UCRT 0.4.3 ERROR
r-patched-linux-x86_64 0.4.3 40.39 451.34 491.73 OK
r-patched-solaris-x86 0.4.3 905.80 OK
r-release-linux-x86_64 0.4.3 43.63 450.04 493.67 OK
r-release-macos-arm64 0.4.3 OK
r-release-macos-x86_64 0.4.3 OK
r-release-windows-ix86+x86_64 0.4.3 85.00 322.00 407.00 OK
r-oldrel-macos-x86_64 0.4.3 OK
r-oldrel-windows-ix86+x86_64 0.4.3 106.00 376.00 482.00 OK

Check Details

Version: 0.4.3
Check: package dependencies
Result: ERROR
    Packages required but not available: 'igraph', 'GREMLINS'
    
    See section 'The DESCRIPTION file' in the 'Writing R Extensions'
    manual.
Flavor: r-devel-windows-x86_64-gcc10-UCRT