CRAN Package Check Results for Package scuba

Last updated on 2021-09-19 07:50:46 CEST.

Flavor Version Tinstall Tcheck Ttotal Status Flags
r-devel-linux-x86_64-debian-clang 1.11-0 5.57 51.78 57.35 OK
r-devel-linux-x86_64-debian-gcc 1.11-0 4.07 38.96 43.03 OK
r-devel-linux-x86_64-fedora-clang 1.11-0 77.36 OK
r-devel-linux-x86_64-fedora-gcc 1.11-0 66.17 OK
r-devel-windows-x86_64 1.11-0 8.00 74.00 82.00 OK
r-devel-windows-x86_64-gcc10-UCRT 1.11-0 ERROR
r-patched-linux-x86_64 1.11-0 6.33 49.90 56.23 OK
r-patched-solaris-x86 1.11-0 87.50 OK
r-release-linux-x86_64 1.11-0 5.75 49.11 54.86 OK
r-release-macos-arm64 1.11-0 OK
r-release-macos-x86_64 1.11-0 OK
r-release-windows-ix86+x86_64 1.11-0 13.00 63.00 76.00 OK
r-oldrel-macos-x86_64 1.11-0 OK
r-oldrel-windows-ix86+x86_64 1.11-0 11.00 63.00 74.00 OK

Check Details

Version: 1.11-0
Check: whether package can be installed
Result: ERROR
    Installation failed.
Flavor: r-devel-windows-x86_64-gcc10-UCRT