CRAN Package Check Results for Package sdcTarget

Last updated on 2022-01-18 07:52:39 CET.

Flavor Version Tinstall Tcheck Ttotal Status Flags
r-devel-linux-x86_64-debian-clang 0.9-11 7.42 44.43 51.85 NOTE
r-devel-linux-x86_64-debian-gcc 0.9-11 5.77 34.96 40.73 NOTE
r-devel-linux-x86_64-fedora-clang 0.9-11 64.05 NOTE
r-devel-linux-x86_64-fedora-gcc 0.9-11 52.14 NOTE
r-devel-windows-x86_64-new-UL 0.9-11 45.00 68.00 113.00 NOTE
r-devel-windows-x86_64-new-TK 0.9-11 NOTE
r-patched-linux-x86_64 0.9-11 6.49 44.29 50.78 NOTE
r-release-linux-x86_64 0.9-11 NOTE
r-release-macos-arm64 0.9-11 NOTE
r-release-macos-x86_64 0.9-11 NOTE
r-release-windows-ix86+x86_64 0.9-11 12.00 61.00 73.00 NOTE
r-oldrel-macos-x86_64 0.9-11 NOTE
r-oldrel-windows-ix86+x86_64 0.9-11 13.00 62.00 75.00 NOTE

Check Details

Version: 0.9-11
Check: R code for possible problems
Result: NOTE
    estimateTimeToComputeTargetDefinition: no visible global function
     definition for 'flush.console'
    estimateTimeToComputeTargetDefinition: no visible global function
     definition for 'combn'
    initialize,sdcTargetDefinitionClass: no visible global function
     definition for 'flush.console'
    initialize,sdcTargetDefinitionClass: no visible global function
     definition for 'combn'
    initialize,sdcTargetDefinitionClass: no visible global function
     definition for 'quantile'
    initialize,sdcTargetMatrixClass: no visible global function definition
     for 'flush.console'
    Undefined global functions or variables:
     combn flush.console quantile
    Consider adding
     importFrom("stats", "quantile")
     importFrom("utils", "combn", "flush.console")
    to your NAMESPACE file.
Flavors: r-devel-linux-x86_64-debian-clang, r-devel-linux-x86_64-debian-gcc, r-devel-linux-x86_64-fedora-clang, r-devel-linux-x86_64-fedora-gcc, r-devel-windows-x86_64-new-UL, r-devel-windows-x86_64-new-TK, r-patched-linux-x86_64, r-release-linux-x86_64, r-release-macos-arm64, r-release-macos-x86_64, r-release-windows-ix86+x86_64, r-oldrel-macos-x86_64, r-oldrel-windows-ix86+x86_64