CRAN Package Check Results for Package sdpt3r

Last updated on 2021-09-20 08:50:43 CEST.

Flavor Version Tinstall Tcheck Ttotal Status Flags
r-devel-linux-x86_64-debian-clang 0.3 23.06 197.62 220.68 OK
r-devel-linux-x86_64-debian-gcc 0.3 18.37 150.48 168.85 OK
r-devel-linux-x86_64-fedora-clang 0.3 271.65 OK
r-devel-linux-x86_64-fedora-gcc 0.3 262.99 OK
r-devel-windows-x86_64 0.3 44.00 172.00 216.00 OK
r-devel-windows-x86_64-gcc10-UCRT 0.3 ERROR
r-patched-linux-x86_64 0.3 22.96 191.76 214.72 OK
r-patched-solaris-x86 0.3 340.60 OK
r-release-linux-x86_64 0.3 20.57 192.11 212.68 OK
r-release-macos-arm64 0.3 OK
r-release-macos-x86_64 0.3 OK
r-release-windows-ix86+x86_64 0.3 84.00 217.00 301.00 OK
r-oldrel-macos-x86_64 0.3 OK
r-oldrel-windows-ix86+x86_64 0.3 83.00 223.00 306.00 OK

Check Details

Version: 0.3
Check: whether package can be installed
Result: ERROR
    Installation failed.
Flavor: r-devel-windows-x86_64-gcc10-UCRT