CRAN Package Check Results for Package secsse

Last updated on 2021-09-21 06:48:50 CEST.

Flavor Version Tinstall Tcheck Ttotal Status Flags
r-devel-linux-x86_64-debian-clang 2.1.7 6.39 233.36 239.75 OK
r-devel-linux-x86_64-debian-gcc 2.1.7 5.30 181.62 186.92 OK
r-devel-linux-x86_64-fedora-clang 2.1.7 288.68 OK
r-devel-linux-x86_64-fedora-gcc 2.1.7 279.81 OK
r-devel-windows-x86_64 2.1.7 8.00 236.00 244.00 NOTE
r-devel-windows-x86_64-gcc10-UCRT 2.1.7 ERROR
r-patched-linux-x86_64 2.1.7 6.65 221.98 228.63 OK
r-patched-solaris-x86 2.1.7 240.70 OK
r-release-linux-x86_64 2.1.7 5.90 221.80 227.70 OK
r-release-macos-arm64 2.1.7 OK
r-release-macos-x86_64 2.1.7 OK
r-release-windows-ix86+x86_64 2.1.7 16.00 334.00 350.00 NOTE
r-oldrel-macos-x86_64 2.1.7 OK
r-oldrel-windows-ix86+x86_64 2.1.7 17.00 329.00 346.00 NOTE

Check Details

Version: 2.1.7
Check: package dependencies
Result: NOTE
    Package which this enhances but not available for checking: 'doMC'
Flavors: r-devel-windows-x86_64, r-devel-windows-x86_64-gcc10-UCRT, r-release-windows-ix86+x86_64, r-oldrel-windows-ix86+x86_64

Version: 2.1.7
Check: whether package can be installed
Result: ERROR
    Installation failed.
Flavor: r-devel-windows-x86_64-gcc10-UCRT