CRAN Package Check Results for Package semTools

Last updated on 2021-09-21 06:48:50 CEST.

Flavor Version Tinstall Tcheck Ttotal Status Flags
r-devel-linux-x86_64-debian-clang 0.5-5 30.13 294.40 324.53 OK
r-devel-linux-x86_64-debian-gcc 0.5-5 28.14 213.73 241.87 OK
r-devel-linux-x86_64-fedora-clang 0.5-5 391.81 OK
r-devel-linux-x86_64-fedora-gcc 0.5-5 378.62 OK
r-devel-windows-x86_64 0.5-5 41.00 251.00 292.00 OK
r-devel-windows-x86_64-gcc10-UCRT 0.5-5 ERROR
r-patched-linux-x86_64 0.5-5 37.91 278.43 316.34 OK
r-patched-solaris-x86 0.5-5 437.10 OK
r-release-linux-x86_64 0.5-5 30.47 277.80 308.27 OK
r-release-macos-arm64 0.5-5 OK
r-release-macos-x86_64 0.5-5 OK
r-release-windows-ix86+x86_64 0.5-5 62.00 228.00 290.00 OK
r-oldrel-macos-x86_64 0.5-5 OK
r-oldrel-windows-ix86+x86_64 0.5-5 60.00 232.00 292.00 OK

Check Details

Version: 0.5-5
Check: whether package can be installed
Result: WARN
    Found the following significant warnings:
     WARNING: installation-time patches will not be applied, could not get the patches index
Flavor: r-devel-windows-x86_64-gcc10-UCRT

Version: 0.5-5
Check: PDF version of manual
Result: WARN
    LaTeX errors when creating PDF version.
    This typically indicates Rd problems.
Flavor: r-devel-windows-x86_64-gcc10-UCRT

Version: 0.5-5
Check: PDF version of manual without hyperrefs or index
Result: ERROR
    Re-running with no redirection of stdout/stderr.
Flavor: r-devel-windows-x86_64-gcc10-UCRT