Last updated on 2023-06-01 02:54:01 CEST.
Flavor | Version | Tinstall | Tcheck | Ttotal | Status | Flags |
---|---|---|---|---|---|---|
r-devel-linux-x86_64-debian-clang | 1.0.0 | 4.53 | 38.83 | 43.36 | NOTE | |
r-devel-linux-x86_64-debian-gcc | 1.0.0 | 3.23 | 30.37 | 33.60 | NOTE | |
r-devel-linux-x86_64-fedora-clang | 1.0.0 | 53.67 | NOTE | |||
r-devel-linux-x86_64-fedora-gcc | 1.0.0 | 51.04 | NOTE | |||
r-devel-windows-x86_64 | 1.0.0 | 7.00 | 52.00 | 59.00 | NOTE | |
r-patched-linux-x86_64 | 1.0.0 | NOTE | ||||
r-release-linux-x86_64 | 1.0.0 | 4.25 | 37.43 | 41.68 | NOTE | |
r-release-macos-arm64 | 1.0.0 | 20.00 | NOTE | |||
r-release-macos-x86_64 | 1.0.0 | 31.00 | NOTE | |||
r-release-windows-x86_64 | 1.0.0 | 7.00 | 56.00 | 63.00 | NOTE | |
r-oldrel-macos-arm64 | 1.0.0 | 19.00 | NOTE | |||
r-oldrel-macos-x86_64 | 1.0.0 | 39.00 | NOTE | |||
r-oldrel-windows-x86_64 | 1.0.0 | 7.00 | 59.00 | 66.00 | NOTE |
Version: 1.0.0
Check: LazyData
Result: NOTE
'LazyData' is specified without a 'data' directory
Flavors: r-devel-linux-x86_64-debian-clang, r-devel-linux-x86_64-debian-gcc, r-devel-linux-x86_64-fedora-clang, r-devel-linux-x86_64-fedora-gcc, r-devel-windows-x86_64, r-patched-linux-x86_64, r-release-linux-x86_64, r-release-macos-arm64, r-release-macos-x86_64, r-release-windows-x86_64, r-oldrel-macos-arm64, r-oldrel-macos-x86_64, r-oldrel-windows-x86_64