Last updated on 2022-08-10 01:49:20 CEST.
Flavor | Version | Tinstall | Tcheck | Ttotal | Status | Flags |
---|---|---|---|---|---|---|
r-devel-linux-x86_64-debian-clang | 0.7.2 | 10.84 | 84.84 | 95.68 | OK | |
r-devel-linux-x86_64-debian-gcc | 0.7.2 | 7.52 | 65.75 | 73.27 | OK | |
r-devel-linux-x86_64-fedora-clang | 0.7.2 | 126.39 | OK | |||
r-devel-linux-x86_64-fedora-gcc | 0.7.2 | 126.15 | OK | |||
r-devel-windows-x86_64 | 0.7.2 | 98.00 | 105.00 | 203.00 | OK | |
r-patched-linux-x86_64 | 0.7.1 | 12.05 | 80.82 | 92.87 | ERROR | |
r-release-linux-x86_64 | 0.7.1 | ERROR | ||||
r-release-macos-arm64 | 0.7.1 | 38.00 | OK | |||
r-release-macos-x86_64 | 0.7.2 | 50.00 | OK | |||
r-release-windows-x86_64 | 0.7.2 | 129.00 | 108.00 | 237.00 | OK | |
r-oldrel-macos-arm64 | 0.7.1 | 36.00 | OK | |||
r-oldrel-macos-x86_64 | 0.7.2 | 50.00 | OK | |||
r-oldrel-windows-ix86+x86_64 | 0.7.2 | 24.00 | 108.00 | 132.00 | OK |
Version: 0.7.1
Check: tests
Result: ERROR
Running ‘testthat.R’ [6s/7s]
Running the tests in ‘tests/testthat.R’ failed.
Complete output:
> library(testthat)
> library(shinyWidgets)
>
> test_check("shinyWidgets")
[ FAIL 1 | WARN 0 | SKIP 0 | PASS 293 ]
══ Failed tests ════════════════════════════════════════════════════════════════
── Failure (test-shinyWidgetsGallery.R:12:3): Default ──────────────────────────
`... <- NULL` produced messages.
[ FAIL 1 | WARN 0 | SKIP 0 | PASS 293 ]
Error: Test failures
Execution halted
Flavors: r-patched-linux-x86_64, r-release-linux-x86_64