CRAN Package Check Results for Package shinyloadtest

Last updated on 2021-11-27 09:52:41 CET.

Flavor Version Tinstall Tcheck Ttotal Status Flags
r-devel-linux-x86_64-debian-clang 1.1.0 OK
r-devel-linux-x86_64-debian-gcc 1.1.0 6.02 40.01 46.03 OK
r-devel-linux-x86_64-fedora-clang 1.1.0 83.46 NOTE
r-devel-linux-x86_64-fedora-gcc 1.1.0 70.73 NOTE
r-devel-windows-x86_64-new-UL 1.1.0 20.00 90.00 110.00 OK
r-devel-windows-x86_64-new-TK 1.1.0 NOTE
r-devel-windows-x86_64-old 1.1.0 12.00 79.00 91.00 OK
r-patched-linux-x86_64 1.1.0 8.49 49.90 58.39 OK
r-patched-solaris-x86 1.1.0 105.90 NOTE
r-release-linux-x86_64 1.1.0 OK
r-release-macos-arm64 1.1.0 NOTE
r-release-macos-x86_64 1.1.0 NOTE
r-release-windows-ix86+x86_64 1.1.0 18.00 55.00 73.00 OK
r-oldrel-macos-x86_64 1.1.0 NOTE
r-oldrel-windows-ix86+x86_64 1.1.0 26.00 78.00 104.00 OK

Check Details

Version: 1.1.0
Check: dependencies in R code
Result: NOTE
    Namespaces in Imports field not imported from:
     ‘R6’ ‘scales’ ‘websocket’
     All declared Imports should be used.
Flavors: r-devel-linux-x86_64-fedora-clang, r-devel-linux-x86_64-fedora-gcc, r-devel-windows-x86_64-new-TK, r-patched-solaris-x86, r-release-macos-arm64, r-release-macos-x86_64, r-oldrel-macos-x86_64