CRAN Package Check Results for Package shorts

Last updated on 2021-09-21 06:48:51 CEST.

Flavor Version Tinstall Tcheck Ttotal Status Flags
r-devel-linux-x86_64-debian-clang 1.1.6 5.16 94.34 99.50 OK
r-devel-linux-x86_64-debian-gcc 1.1.6 3.86 69.11 72.97 OK
r-devel-linux-x86_64-fedora-clang 1.1.6 149.63 OK
r-devel-linux-x86_64-fedora-gcc 1.1.6 126.06 OK
r-devel-windows-x86_64 1.1.6 6.00 91.00 97.00 OK
r-devel-windows-x86_64-gcc10-UCRT 1.1.6 ERROR
r-patched-linux-x86_64 1.1.6 4.81 87.45 92.26 OK
r-patched-solaris-x86 1.1.6 202.80 OK
r-release-linux-x86_64 1.1.6 4.77 86.84 91.61 OK
r-release-macos-arm64 1.1.6 OK
r-release-macos-x86_64 1.1.6 OK
r-release-windows-ix86+x86_64 1.1.6 9.00 88.00 97.00 OK
r-oldrel-macos-x86_64 1.1.6 OK
r-oldrel-windows-ix86+x86_64 1.1.6 10.00 85.00 95.00 OK

Check Details

Version: 1.1.6
Check: whether package can be installed
Result: WARN
    Found the following significant warnings:
     WARNING: installation-time patches will not be applied, could not get the patches index
Flavor: r-devel-windows-x86_64-gcc10-UCRT

Version: 1.1.6
Check: PDF version of manual
Result: WARN
    LaTeX errors when creating PDF version.
    This typically indicates Rd problems.
Flavor: r-devel-windows-x86_64-gcc10-UCRT

Version: 1.1.6
Check: PDF version of manual without hyperrefs or index
Result: ERROR
    Re-running with no redirection of stdout/stderr.
Flavor: r-devel-windows-x86_64-gcc10-UCRT