CRAN Package Check Results for Package shrinkTVP

Last updated on 2022-10-07 01:51:37 CEST.

Flavor Version Tinstall Tcheck Ttotal Status Flags
r-devel-linux-x86_64-debian-clang 2.0.5 195.58 68.63 264.21 WARN
r-devel-linux-x86_64-debian-gcc 2.0.5 163.86 52.65 216.51 OK
r-devel-linux-x86_64-fedora-clang 2.0.5 425.53 WARN
r-devel-linux-x86_64-fedora-gcc 2.0.5 374.01 OK
r-devel-windows-x86_64 2.0.5 163.00 148.00 311.00 OK
r-patched-linux-x86_64 2.0.5 181.68 65.22 246.90 OK
r-release-linux-x86_64 2.0.5 167.05 64.81 231.86 OK
r-release-macos-arm64 2.0.5 90.00 NOTE
r-release-macos-x86_64 2.0.5 109.00 NOTE
r-release-windows-x86_64 2.0.5 165.00 143.00 308.00 OK
r-oldrel-macos-arm64 2.0.5 79.00 NOTE
r-oldrel-macos-x86_64 2.0.5 108.00 NOTE
r-oldrel-windows-ix86+x86_64 2.0.5 513.00 133.00 646.00 OK

Additional issues

clang14

Check Details

Version: 2.0.5
Check: whether package can be installed
Result: WARN
    Found the following significant warnings:
     TG_sampling_functions.cpp:50:7: warning: use of bitwise '|' with boolean operands [-Wbitwise-instead-of-logical]
     cpp_utilities.cpp:33:7: warning: use of bitwise '|' with boolean operands [-Wbitwise-instead-of-logical]
     do_rgig1.cpp:149:14: warning: use of bitwise '&' with boolean operands [-Wbitwise-instead-of-logical]
     shrinkTVP.cpp:146:7: warning: use of bitwise '&' with boolean operands [-Wbitwise-instead-of-logical]
     shrinkTVP.cpp:151:7: warning: use of bitwise '&' with boolean operands [-Wbitwise-instead-of-logical]
     shrinkTVP.cpp:156:7: warning: use of bitwise '&' with boolean operands [-Wbitwise-instead-of-logical]
     shrinkTVP.cpp:161:7: warning: use of bitwise '&' with boolean operands [-Wbitwise-instead-of-logical]
     shrinkTVP.cpp:620:11: warning: use of bitwise '&' with boolean operands [-Wbitwise-instead-of-logical]
     shrinkTVP.cpp:624:11: warning: use of bitwise '&' with boolean operands [-Wbitwise-instead-of-logical]
     shrinkTVP.cpp:628:11: warning: use of bitwise '&' with boolean operands [-Wbitwise-instead-of-logical]
     shrinkTVP.cpp:632:11: warning: use of bitwise '&' with boolean operands [-Wbitwise-instead-of-logical]
Flavors: r-devel-linux-x86_64-debian-clang, r-devel-linux-x86_64-fedora-clang

Version: 2.0.5
Check: installed package size
Result: NOTE
     installed size is 8.6Mb
     sub-directories of 1Mb or more:
     libs 7.7Mb
Flavors: r-release-macos-arm64, r-release-macos-x86_64, r-oldrel-macos-arm64, r-oldrel-macos-x86_64