CRAN Package Check Results for Package smartmap

Last updated on 2021-11-27 09:52:41 CET.

Flavor Version Tinstall Tcheck Ttotal Status Flags
r-devel-linux-x86_64-debian-clang 0.1.1 NOTE
r-devel-linux-x86_64-debian-gcc 0.1.1 3.79 41.90 45.69 NOTE
r-devel-linux-x86_64-fedora-clang 0.1.1 86.91 NOTE
r-devel-linux-x86_64-fedora-gcc 0.1.1 76.23 NOTE
r-devel-windows-x86_64-new-UL 0.1.1 14.00 97.00 111.00 NOTE
r-devel-windows-x86_64-new-TK 0.1.1 NOTE
r-devel-windows-x86_64-old 0.1.1 8.00 79.00 87.00 NOTE
r-patched-linux-x86_64 0.1.1 4.36 52.66 57.02 NOTE
r-patched-solaris-x86 0.1.1 109.10 NOTE
r-release-linux-x86_64 0.1.1 NOTE
r-release-macos-arm64 0.1.1 NOTE
r-release-macos-x86_64 0.1.1 NOTE
r-release-windows-ix86+x86_64 0.1.1 15.00 56.00 71.00 NOTE
r-oldrel-macos-x86_64 0.1.1 OK
r-oldrel-windows-ix86+x86_64 0.1.1 15.00 75.00 90.00 OK

Check Details

Version: 0.1.1
Check: LazyData
Result: NOTE
     'LazyData' is specified without a 'data' directory
Flavors: r-devel-linux-x86_64-debian-clang, r-devel-linux-x86_64-debian-gcc, r-devel-linux-x86_64-fedora-clang, r-devel-linux-x86_64-fedora-gcc, r-devel-windows-x86_64-new-UL, r-devel-windows-x86_64-new-TK, r-devel-windows-x86_64-old, r-patched-linux-x86_64, r-patched-solaris-x86, r-release-linux-x86_64, r-release-macos-arm64, r-release-macos-x86_64, r-release-windows-ix86+x86_64