CRAN Package Check Results for Package smovie

Last updated on 2021-09-17 06:48:58 CEST.

Flavor Version Tinstall Tcheck Ttotal Status Flags
r-devel-linux-x86_64-debian-clang 1.1.3 10.14 61.97 72.11 NOTE
r-devel-linux-x86_64-debian-gcc 1.1.3 6.89 48.04 54.93 NOTE
r-devel-linux-x86_64-fedora-clang 1.1.3 99.74 NOTE
r-devel-linux-x86_64-fedora-gcc 1.1.3 90.61 NOTE
r-devel-windows-x86_64 1.1.3 8.00 77.00 85.00 NOTE
r-devel-windows-x86_64-gcc10-UCRT 1.1.3 NOTE
r-patched-linux-x86_64 1.1.3 10.91 61.85 72.76 NOTE
r-patched-solaris-x86 1.1.3 118.00 NOTE
r-release-linux-x86_64 1.1.3 9.52 61.86 71.38 NOTE
r-release-macos-arm64 1.1.3 NOTE
r-release-macos-x86_64 1.1.3 NOTE
r-release-windows-ix86+x86_64 1.1.3 12.00 55.00 67.00 NOTE
r-oldrel-macos-x86_64 1.1.3 OK
r-oldrel-windows-ix86+x86_64 1.1.3 10.00 75.00 85.00 OK

Check Details

Version: 1.1.3
Check: LazyData
Result: NOTE
     'LazyData' is specified without a 'data' directory
Flavors: r-devel-linux-x86_64-debian-clang, r-devel-linux-x86_64-debian-gcc, r-devel-linux-x86_64-fedora-clang, r-devel-linux-x86_64-fedora-gcc, r-devel-windows-x86_64, r-devel-windows-x86_64-gcc10-UCRT, r-patched-linux-x86_64, r-patched-solaris-x86, r-release-linux-x86_64, r-release-macos-arm64, r-release-macos-x86_64, r-release-windows-ix86+x86_64