Last updated on 2023-05-28 01:54:09 CEST.
Flavor | Version | Tinstall | Tcheck | Ttotal | Status | Flags |
---|---|---|---|---|---|---|
r-devel-linux-x86_64-debian-clang | 0.1.2 | 2.21 | 21.30 | 23.51 | NOTE | |
r-devel-linux-x86_64-debian-gcc | 0.1.2 | 1.36 | 17.05 | 18.41 | NOTE | |
r-devel-linux-x86_64-fedora-clang | 0.1.2 | 29.47 | NOTE | |||
r-devel-linux-x86_64-fedora-gcc | 0.1.2 | 28.67 | NOTE | |||
r-devel-windows-x86_64 | 0.1.2 | 3.00 | 36.00 | 39.00 | NOTE | |
r-patched-linux-x86_64 | 0.1.2 | 2.38 | 21.09 | 23.47 | NOTE | |
r-release-linux-x86_64 | 0.1.2 | 1.67 | 20.81 | 22.48 | NOTE | |
r-release-macos-arm64 | 0.1.2 | 15.00 | NOTE | |||
r-release-macos-x86_64 | 0.1.2 | 19.00 | NOTE | |||
r-release-windows-x86_64 | 0.1.2 | 2.00 | 43.00 | 45.00 | NOTE | |
r-oldrel-macos-arm64 | 0.1.2 | 16.00 | NOTE | |||
r-oldrel-macos-x86_64 | 0.1.2 | 20.00 | NOTE | |||
r-oldrel-windows-x86_64 | 0.1.2 | 4.00 | 41.00 | 45.00 | NOTE |
Version: 0.1.2
Check: DESCRIPTION meta-information
Result: NOTE
Malformed Description field: should contain one or more complete sentences.
Flavors: r-devel-linux-x86_64-debian-clang, r-devel-linux-x86_64-debian-gcc, r-devel-linux-x86_64-fedora-clang, r-devel-linux-x86_64-fedora-gcc, r-devel-windows-x86_64, r-patched-linux-x86_64, r-release-linux-x86_64, r-release-macos-arm64, r-release-macos-x86_64, r-release-windows-x86_64, r-oldrel-macos-arm64, r-oldrel-macos-x86_64, r-oldrel-windows-x86_64