CRAN Package Check Results for Package sokoban

Last updated on 2023-10-03 02:05:22 CEST.

Flavor Version Tinstall Tcheck Ttotal Status Flags
r-devel-linux-x86_64-debian-clang 0.1.0 2.83 22.04 24.87 NOTE
r-devel-linux-x86_64-debian-gcc 0.1.0 2.04 17.47 19.51 NOTE
r-devel-linux-x86_64-fedora-clang 0.1.0 30.60 NOTE
r-devel-linux-x86_64-fedora-gcc 0.1.0 29.27 NOTE
r-devel-windows-x86_64 0.1.0 4.00 35.00 39.00 NOTE
r-patched-linux-x86_64 0.1.0 2.37 21.69 24.06 NOTE
r-release-linux-x86_64 0.1.0 2.83 22.99 25.82 NOTE
r-release-macos-arm64 0.1.0 14.00 NOTE
r-release-macos-x86_64 0.1.0 18.00 NOTE
r-release-windows-x86_64 0.1.0 3.00 39.00 42.00 NOTE
r-oldrel-macos-arm64 0.1.0 15.00 NOTE
r-oldrel-macos-x86_64 0.1.0 19.00 NOTE
r-oldrel-windows-x86_64 0.1.0 5.00 42.00 47.00 NOTE

Check Details

Version: 0.1.0
Check: LazyData
Result: NOTE
     'LazyData' is specified without a 'data' directory
Flavors: r-devel-linux-x86_64-debian-clang, r-devel-linux-x86_64-debian-gcc, r-devel-linux-x86_64-fedora-clang, r-devel-linux-x86_64-fedora-gcc, r-devel-windows-x86_64, r-patched-linux-x86_64, r-release-linux-x86_64, r-release-macos-arm64, r-release-macos-x86_64, r-release-windows-x86_64, r-oldrel-macos-arm64, r-oldrel-macos-x86_64, r-oldrel-windows-x86_64