CRAN Package Check Results for Package spNNGP

Last updated on 2021-11-27 07:50:04 CET.

Flavor Version Tinstall Tcheck Ttotal Status Flags
r-devel-linux-x86_64-debian-clang 0.1.6 OK
r-devel-linux-x86_64-debian-gcc 0.1.6 10.18 32.20 42.38 OK
r-devel-linux-x86_64-fedora-clang 0.1.6 94.01 OK
r-devel-linux-x86_64-fedora-gcc 0.1.6 72.23 OK
r-devel-windows-x86_64-new-UL 0.1.6 33.00 113.00 146.00 OK
r-devel-windows-x86_64-new-TK 0.1.6 OK
r-devel-windows-x86_64-old 0.1.6 23.00 70.00 93.00 OK
r-patched-linux-x86_64 0.1.6 14.55 41.02 55.57 OK
r-patched-solaris-x86 0.1.6 111.80 OK
r-release-linux-x86_64 0.1.6 OK
r-release-macos-arm64 0.1.6 OK
r-release-macos-x86_64 0.1.6 OK
r-release-windows-ix86+x86_64 0.1.6 43.00 74.00 117.00 NOTE
r-oldrel-macos-x86_64 0.1.6 OK
r-oldrel-windows-ix86+x86_64 0.1.6 32.00 93.00 125.00 NOTE

Check Details

Version: 0.1.6
Check: installed package size
Result: NOTE
     installed size is 5.4Mb
     sub-directories of 1Mb or more:
     data 3.0Mb
     libs 2.1Mb
Flavors: r-release-windows-ix86+x86_64, r-oldrel-windows-ix86+x86_64