CRAN Package Check Results for Package sparkwarc

Last updated on 2021-09-20 08:50:45 CEST.

Flavor Version Tinstall Tcheck Ttotal Status Flags
r-devel-linux-x86_64-debian-clang 0.1.5 25.33 58.22 83.55 NOTE
r-devel-linux-x86_64-debian-gcc 0.1.5 16.18 43.29 59.47 NOTE
r-devel-linux-x86_64-fedora-clang 0.1.5 115.61 NOTE
r-devel-linux-x86_64-fedora-gcc 0.1.5 99.46 NOTE
r-devel-windows-x86_64 0.1.5 27.00 67.00 94.00 NOTE
r-devel-windows-x86_64-gcc10-UCRT 0.1.5 ERROR
r-patched-linux-x86_64 0.1.5 19.27 53.84 73.11 NOTE
r-patched-solaris-x86 0.1.5 122.40 NOTE
r-release-linux-x86_64 0.1.5 18.09 53.77 71.86 NOTE
r-release-macos-arm64 0.1.5 NOTE
r-release-macos-x86_64 0.1.5 NOTE
r-release-windows-ix86+x86_64 0.1.5 59.00 83.00 142.00 NOTE
r-oldrel-macos-x86_64 0.1.5 OK
r-oldrel-windows-ix86+x86_64 0.1.5 60.00 79.00 139.00 OK

Check Details

Version: 0.1.5
Check: LazyData
Result: NOTE
     'LazyData' is specified without a 'data' directory
Flavors: r-devel-linux-x86_64-debian-clang, r-devel-linux-x86_64-debian-gcc, r-devel-linux-x86_64-fedora-clang, r-devel-linux-x86_64-fedora-gcc, r-devel-windows-x86_64, r-patched-linux-x86_64, r-patched-solaris-x86, r-release-linux-x86_64, r-release-macos-arm64, r-release-macos-x86_64, r-release-windows-ix86+x86_64

Version: 0.1.5
Check: whether package can be installed
Result: ERROR
    Installation failed.
Flavor: r-devel-windows-x86_64-gcc10-UCRT