CRAN Package Check Results for Package sparr

Last updated on 2021-09-22 06:48:50 CEST.

Flavor Version Tinstall Tcheck Ttotal Status Flags
r-devel-linux-x86_64-debian-clang 2.2-15 19.29 126.85 146.14 OK
r-devel-linux-x86_64-debian-gcc 2.2-15 13.54 98.13 111.67 OK
r-devel-linux-x86_64-fedora-clang 2.2-15 182.68 NOTE
r-devel-linux-x86_64-fedora-gcc 2.2-15 177.81 OK
r-devel-windows-x86_64 2.2-15 17.00 110.00 127.00 OK
r-devel-windows-x86_64-gcc10-UCRT 2.2-15 ERROR
r-patched-linux-x86_64 2.2-15 23.37 123.25 146.62 OK
r-patched-solaris-x86 2.2-15 251.40 OK
r-release-linux-x86_64 2.2-15 17.57 123.93 141.50 OK
r-release-macos-arm64 2.2-15 OK
r-release-macos-x86_64 2.2-15 OK
r-release-windows-ix86+x86_64 2.2-15 30.00 111.00 141.00 OK
r-oldrel-macos-x86_64 2.2-15 OK
r-oldrel-windows-ix86+x86_64 2.2-15 30.00 103.00 133.00 OK

Check Details

Version: 2.2-15
Check: Rd cross-references
Result: NOTE
    Undeclared packages ‘splancs’, ‘spatstat.data’ in Rd xrefs
Flavor: r-devel-linux-x86_64-fedora-clang

Version: 2.2-15
Check: PDF version of manual
Result: WARN
    LaTeX errors when creating PDF version.
    This typically indicates Rd problems.
Flavor: r-devel-windows-x86_64-gcc10-UCRT

Version: 2.2-15
Check: PDF version of manual without hyperrefs or index
Result: ERROR
    Re-running with no redirection of stdout/stderr.
Flavor: r-devel-windows-x86_64-gcc10-UCRT