CRAN Package Check Results for Package sparrpowR

Last updated on 2021-09-23 08:51:22 CEST.

Flavor Version Tinstall Tcheck Ttotal Status Flags
r-devel-linux-x86_64-debian-clang 0.2.4 21.77 219.12 240.89 OK
r-devel-linux-x86_64-debian-gcc 0.2.4 15.90 159.04 174.94 OK
r-devel-linux-x86_64-fedora-clang 0.2.4 273.02 OK
r-devel-linux-x86_64-fedora-gcc 0.2.4 267.56 OK
r-devel-windows-x86_64 0.2.4 21.00 195.00 216.00 OK
r-devel-windows-x86_64-gcc10-UCRT 0.2.4 ERROR
r-patched-linux-x86_64 0.2.4 29.61 203.36 232.97 OK
r-patched-solaris-x86 0.2.4 425.90 OK
r-release-linux-x86_64 0.2.4 23.28 203.80 227.08 OK
r-release-macos-arm64 0.2.4 OK
r-release-macos-x86_64 0.2.4 OK
r-release-windows-ix86+x86_64 0.2.4 49.00 192.00 241.00 OK
r-oldrel-macos-x86_64 0.2.4 OK
r-oldrel-windows-ix86+x86_64 0.2.4 34.00 202.00 236.00 OK

Check Details

Version: 0.2.4
Check: package dependencies
Result: NOTE
    Package suggested but not available for checking: 'spelling'
Flavor: r-devel-windows-x86_64-gcc10-UCRT

Version: 0.2.4
Check: PDF version of manual
Result: WARN
    LaTeX errors when creating PDF version.
    This typically indicates Rd problems.
Flavor: r-devel-windows-x86_64-gcc10-UCRT

Version: 0.2.4
Check: PDF version of manual without hyperrefs or index
Result: ERROR
    Re-running with no redirection of stdout/stderr.
Flavor: r-devel-windows-x86_64-gcc10-UCRT