Last updated on 2023-05-28 01:54:09 CEST.
Flavor | Version | Tinstall | Tcheck | Ttotal | Status | Flags |
---|---|---|---|---|---|---|
r-devel-linux-x86_64-debian-clang | 1.0 | 108.09 | 360.31 | 468.40 | OK | |
r-devel-linux-x86_64-debian-gcc | 1.0 | 80.24 | 307.74 | 387.98 | OK | |
r-devel-linux-x86_64-fedora-clang | 1.0 | 640.32 | OK | |||
r-devel-linux-x86_64-fedora-gcc | 1.0 | 635.68 | OK | |||
r-devel-windows-x86_64 | 1.0 | 84.00 | 374.00 | 458.00 | OK | |
r-patched-linux-x86_64 | 1.0 | 92.43 | 349.57 | 442.00 | OK | |
r-release-linux-x86_64 | 1.0 | 76.41 | 353.32 | 429.73 | OK | |
r-release-macos-arm64 | 1.0 | 217.00 | NOTE | |||
r-release-macos-x86_64 | 1.0 | 391.00 | NOTE | |||
r-release-windows-x86_64 | 1.0 | 104.00 | 503.00 | 607.00 | OK | |
r-oldrel-macos-arm64 | 1.0 | 145.00 | NOTE | |||
r-oldrel-macos-x86_64 | 1.0 | 281.00 | OK | |||
r-oldrel-windows-x86_64 | 1.0 | 102.00 | 508.00 | 610.00 | OK |
Version: 1.0
Check: installed package size
Result: NOTE
installed size is 5.2Mb
sub-directories of 1Mb or more:
libs 4.4Mb
Flavors: r-release-macos-arm64, r-release-macos-x86_64, r-oldrel-macos-arm64