CRAN Package Check Results for Package sparseSEM

Last updated on 2021-09-25 06:49:35 CEST.

Flavor Version Tinstall Tcheck Ttotal Status Flags
r-devel-linux-x86_64-debian-clang 2.5 4.41 33.89 38.30 NOTE
r-devel-linux-x86_64-debian-gcc 2.5 3.80 28.01 31.81 NOTE
r-devel-linux-x86_64-fedora-clang 2.5 57.13 NOTE
r-devel-linux-x86_64-fedora-gcc 2.5 48.72 NOTE
r-devel-windows-x86_64 2.5 8.00 42.00 50.00 NOTE
r-devel-windows-x86_64-gcc10-UCRT 2.5 NOTE
r-patched-linux-x86_64 2.5 5.00 34.73 39.73 NOTE
r-patched-solaris-x86 2.5 68.00 NOTE
r-release-linux-x86_64 2.5 4.90 33.31 38.21 NOTE
r-release-macos-arm64 2.5 NOTE
r-release-macos-x86_64 2.5 NOTE
r-release-windows-ix86+x86_64 2.5 14.00 56.00 70.00 NOTE
r-oldrel-macos-x86_64 2.5 NOTE
r-oldrel-windows-ix86+x86_64 2.5 11.00 56.00 67.00 NOTE

Check Details

Version: 2.5
Check: DESCRIPTION meta-information
Result: NOTE
    Malformed Description field: should contain one or more complete sentences.
Flavors: r-devel-linux-x86_64-debian-clang, r-devel-linux-x86_64-debian-gcc, r-devel-linux-x86_64-fedora-clang, r-devel-linux-x86_64-fedora-gcc, r-devel-windows-x86_64, r-devel-windows-x86_64-gcc10-UCRT, r-patched-linux-x86_64, r-patched-solaris-x86, r-release-linux-x86_64, r-release-macos-arm64, r-release-macos-x86_64, r-release-windows-ix86+x86_64, r-oldrel-macos-x86_64, r-oldrel-windows-ix86+x86_64

Version: 2.5
Check: compiled code
Result: NOTE
    File ‘sparseSEM/libs/sparseSEM.so’:
     Found no calls to: ‘R_registerRoutines’, ‘R_useDynamicSymbols’
    
    It is good practice to register native routines and to disable symbol
    search.
    
    See ‘Writing portable packages’ in the ‘Writing R Extensions’ manual.
Flavors: r-devel-linux-x86_64-fedora-clang, r-devel-linux-x86_64-fedora-gcc