CRAN Package Check Results for Package spatstat

Last updated on 2023-05-28 01:54:09 CEST.

Flavor Version Tinstall Tcheck Ttotal Status Flags
r-devel-linux-x86_64-debian-clang 3.0-6 11.92 188.24 200.16 NOTE
r-devel-linux-x86_64-debian-gcc 3.0-6 8.04 146.21 154.25 NOTE
r-devel-linux-x86_64-fedora-clang 3.0-6 263.32 NOTE
r-devel-linux-x86_64-fedora-gcc 3.0-6 255.67 NOTE
r-devel-windows-x86_64 3.0-6 11.00 213.00 224.00 NOTE
r-patched-linux-x86_64 3.0-6 10.61 181.76 192.37 NOTE
r-release-linux-x86_64 3.0-6 7.29 183.24 190.53 NOTE
r-release-macos-arm64 3.0-5 114.00 NOTE
r-release-macos-x86_64 3.0-3 154.00 NOTE
r-release-windows-x86_64 3.0-6 14.00 221.00 235.00 NOTE
r-oldrel-macos-arm64 3.0-5 91.00 NOTE
r-oldrel-macos-x86_64 3.0-6 122.00 NOTE
r-oldrel-windows-x86_64 3.0-6 13.00 232.00 245.00 NOTE

Check Details

Version: 3.0-6
Check: package dependencies
Result: NOTE
    Depends: includes the non-default packages:
     'spatstat.data', 'spatstat.geom', 'spatstat.random',
     'spatstat.explore', 'spatstat.model', 'spatstat.linnet'
    Adding so many packages to the search path is excessive and importing
    selectively is preferable.
Flavors: r-devel-linux-x86_64-debian-clang, r-devel-linux-x86_64-debian-gcc, r-devel-linux-x86_64-fedora-clang, r-devel-linux-x86_64-fedora-gcc, r-devel-windows-x86_64, r-patched-linux-x86_64, r-release-linux-x86_64, r-release-windows-x86_64, r-oldrel-macos-x86_64, r-oldrel-windows-x86_64

Version: 3.0-6
Check: installed package size
Result: NOTE
     installed size is 5.0Mb
     sub-directories of 1Mb or more:
     doc 4.3Mb
Flavor: r-devel-linux-x86_64-fedora-clang

Version: 3.0-5
Check: package dependencies
Result: NOTE
    Depends: includes the non-default packages:
     'spatstat.data', 'spatstat.geom', 'spatstat.random',
     'spatstat.explore', 'spatstat.model', 'spatstat.linnet'
    Adding so many packages to the search path is excessive and importing
    selectively is preferable.
Flavors: r-release-macos-arm64, r-oldrel-macos-arm64

Version: 3.0-3
Check: package dependencies
Result: NOTE
    Depends: includes the non-default packages:
     'spatstat.data', 'spatstat.geom', 'spatstat.random',
     'spatstat.explore', 'spatstat.model', 'spatstat.linnet'
    Adding so many packages to the search path is excessive and importing
    selectively is preferable.
Flavor: r-release-macos-x86_64

Version: 3.0-3
Check: re-building of vignette outputs
Result: NOTE
    Error(s) in re-building vignettes:
    --- re-building ‘bugfixes.Rnw’ using Sweave
    Loading required package: spatstat.data
    Loading required package: spatstat.geom
    spatstat.geom 3.1-0
    Loading required package: spatstat.random
    spatstat.random 3.1-4
    Loading required package: spatstat.explore
    Loading required package: nlme
    spatstat.explore 3.1-0
    Loading required package: spatstat.model
    Loading required package: rpart
    spatstat.model 3.2-1
    Loading required package: spatstat.linnet
    spatstat.linnet 3.0-6
    
    spatstat 3.0-3
    For an introduction to spatstat, type ‘beginner’
    
    Error: processing vignette 'bugfixes.Rnw' failed with diagnostics:
    Running 'texi2dvi' on 'bugfixes.tex' failed.
    LaTeX errors:
    ! LaTeX Error: File `anysize.sty' not found.
    
    Type X to quit or <RETURN> to proceed,
    or enter new name. (Default extension: sty)
    
    ! Emergency stop.
    <read *>
    
    l.6 ^^M
    
    ! ==> Fatal error occurred, no output PDF file produced!
    --- failed re-building 'bugfixes.Rnw'
    
    --- re-building ‘datasets.Rnw’ using Sweave
    Loading required package: spatstat.data
    Loading required package: spatstat.geom
    spatstat.geom 3.1-0
    Loading required package: spatstat.random
    spatstat.random 3.1-4
    Loading required package: spatstat.explore
    Loading required package: nlme
    spatstat.explore 3.1-0
    Loading required package: spatstat.model
    Loading required package: rpart
    spatstat.model 3.2-1
    Loading required package: spatstat.linnet
    spatstat.linnet 3.0-6
    
    spatstat 3.0-3
    For an introduction to spatstat, type ‘beginner’
    
    Error: processing vignette 'datasets.Rnw' failed with diagnostics:
    Running 'texi2dvi' on 'datasets.tex' failed.
    LaTeX errors:
    ! LaTeX Error: File `anysize.sty' not found.
    
    Type X to quit or <RETURN> to proceed,
    or enter new name. (Default extension: sty)
    
    ! Emergency stop.
    <read *>
    
    l.8 \marginsize
     {2cm}{2cm}{2cm}{2cm}^^M
    ! ==> Fatal error occurred, no output PDF file produced!
    --- failed re-building 'datasets.Rnw'
    
    --- re-building ‘getstart.Rnw’ using Sweave
    Loading required package: spatstat.data
    Loading required package: spatstat.geom
    spatstat.geom 3.1-0
    Loading required package: spatstat.random
    spatstat.random 3.1-4
    Loading required package: spatstat.explore
    Loading required package: nlme
    spatstat.explore 3.1-0
    Loading required package: spatstat.model
    Loading required package: rpart
    spatstat.model 3.2-1
    Loading required package: spatstat.linnet
    spatstat.linnet 3.0-6
    
    spatstat 3.0-3
    For an introduction to spatstat, type ‘beginner’
    
    Error: processing vignette 'getstart.Rnw' failed with diagnostics:
    Running 'texi2dvi' on 'getstart.tex' failed.
    LaTeX errors:
    ! LaTeX Error: File `anysize.sty' not found.
    
    Type X to quit or <RETURN> to proceed,
    or enter new name. (Default extension: sty)
    
    ! Emergency stop.
    <read *>
    
    l.8 \marginsize
     {2cm}{2cm}{2cm}{2cm}^^M
    ! ==> Fatal error occurred, no output PDF file produced!
    --- failed re-building 'getstart.Rnw'
    
    --- re-building ‘replicated.Rnw’ using Sweave
    Loading required package: spatstat.data
    Loading required package: spatstat.geom
    spatstat.geom 3.1-0
    Loading required package: spatstat.random
    spatstat.random 3.1-4
    Loading required package: spatstat.explore
    Loading required package: nlme
    spatstat.explore 3.1-0
    Loading required package: spatstat.model
    Loading required package: rpart
    spatstat.model 3.2-1
    Loading required package: spatstat.linnet
    spatstat.linnet 3.0-6
    
    spatstat 3.0-3
    For an introduction to spatstat, type ‘beginner’
    
    Error: processing vignette 'replicated.Rnw' failed with diagnostics:
    Running 'texi2dvi' on 'replicated.tex' failed.
    LaTeX errors:
    ! LaTeX Error: File `anysize.sty' not found.
    
    Type X to quit or <RETURN> to proceed,
    or enter new name. (Default extension: sty)
    
    ! Emergency stop.
    <read *>
    
    l.9 ^^M
    
    ! ==> Fatal error occurred, no output PDF file produced!
    --- failed re-building 'replicated.Rnw'
    
    --- re-building ‘shapefiles.Rnw’ using Sweave
    Loading required package: spatstat.data
    Loading required package: spatstat.geom
    spatstat.geom 3.1-0
    Loading required package: spatstat.random
    spatstat.random 3.1-4
    Loading required package: spatstat.explore
    Loading required package: nlme
    spatstat.explore 3.1-0
    Loading required package: spatstat.model
    Loading required package: rpart
    spatstat.model 3.2-1
    Loading required package: spatstat.linnet
    spatstat.linnet 3.0-6
    
    spatstat 3.0-3
    For an introduction to spatstat, type ‘beginner’
    
    Error: processing vignette 'shapefiles.Rnw' failed with diagnostics:
    Running 'texi2dvi' on 'shapefiles.tex' failed.
    LaTeX errors:
    ! LaTeX Error: File `anysize.sty' not found.
    
    Type X to quit or <RETURN> to proceed,
    or enter new name. (Default extension: sty)
    
    ! Emergency stop.
    <read *>
    
    l.12 \marginsize
     {2cm}{2cm}{2cm}{2cm}^^M
    ! ==> Fatal error occurred, no output PDF file produced!
    --- failed re-building 'shapefiles.Rnw'
    
    --- re-building ‘updates.Rnw’ using Sweave
    Loading required package: spatstat.data
    Loading required package: spatstat.geom
    spatstat.geom 3.1-0
    Loading required package: spatstat.random
    spatstat.random 3.1-4
    Loading required package: spatstat.explore
    Loading required package: nlme
    spatstat.explore 3.1-0
    Loading required package: spatstat.model
    Loading required package: rpart
    spatstat.model 3.2-1
    Loading required package: spatstat.linnet
    spatstat.linnet 3.0-6
    
    spatstat 3.0-3
    For an introduction to spatstat, type ‘beginner’
    
    Error: processing vignette 'updates.Rnw' failed with diagnostics:
    Running 'texi2dvi' on 'updates.tex' failed.
    LaTeX errors:
    ! LaTeX Error: File `anysize.sty' not found.
    
    Type X to quit or <RETURN> to proceed,
    or enter new name. (Default extension: sty)
    
    ! Emergency stop.
    <read *>
    
    l.6 ^^M
    
    ! ==> Fatal error occurred, no output PDF file produced!
    --- failed re-building 'updates.Rnw'
    
    SUMMARY: processing the following files failed:
     ‘bugfixes.Rnw’ ‘datasets.Rnw’ ‘getstart.Rnw’ ‘replicated.Rnw’
     ‘shapefiles.Rnw’ ‘updates.Rnw’
    
    Error: Vignette re-building failed.
    Execution halted
Flavor: r-release-macos-x86_64