Last updated on 2023-05-28 01:54:09 CEST.
Flavor | Version | Tinstall | Tcheck | Ttotal | Status | Flags |
---|---|---|---|---|---|---|
r-devel-linux-x86_64-debian-clang | 3.2-4 | 51.27 | 556.58 | 607.85 | NOTE | |
r-devel-linux-x86_64-debian-gcc | 3.2-4 | 36.92 | 419.39 | 456.31 | NOTE | |
r-devel-linux-x86_64-fedora-clang | 3.2-4 | 748.93 | NOTE | |||
r-devel-linux-x86_64-fedora-gcc | 3.2-4 | 711.81 | NOTE | |||
r-devel-windows-x86_64 | 3.2-4 | 46.00 | 531.00 | 577.00 | NOTE | |
r-patched-linux-x86_64 | 3.2-4 | 67.50 | 539.51 | 607.01 | NOTE | |
r-release-linux-x86_64 | 3.2-4 | 41.64 | 534.79 | 576.43 | NOTE | |
r-release-macos-arm64 | 3.2-4 | 193.00 | NOTE | |||
r-release-macos-x86_64 | 3.2-3 | 444.00 | NOTE | |||
r-release-windows-x86_64 | 3.2-4 | 56.00 | 655.00 | 711.00 | NOTE | |
r-oldrel-macos-arm64 | 3.2-4 | 191.00 | NOTE | |||
r-oldrel-macos-x86_64 | 3.2-4 | 254.00 | NOTE | |||
r-oldrel-windows-x86_64 | 3.2-4 | 56.00 | 624.00 | 680.00 | NOTE |
Version: 3.2-4
Check: package dependencies
Result: NOTE
Packages suggested but not available for checking:
'RandomFields', 'RandomFieldsUtils'
Depends: includes the non-default packages:
'spatstat.data', 'spatstat.geom', 'spatstat.random',
'spatstat.explore', 'nlme', 'rpart'
Adding so many packages to the search path is excessive and importing
selectively is preferable.
Flavors: r-devel-linux-x86_64-debian-clang, r-devel-linux-x86_64-debian-gcc, r-devel-linux-x86_64-fedora-clang, r-devel-linux-x86_64-fedora-gcc, r-devel-windows-x86_64, r-patched-linux-x86_64, r-release-linux-x86_64, r-release-macos-arm64
Version: 3.2-4
Check: Rd cross-references
Result: NOTE
Package unavailable to check Rd xrefs: ‘RandomFields’
Flavors: r-devel-linux-x86_64-debian-clang, r-devel-linux-x86_64-debian-gcc, r-devel-linux-x86_64-fedora-clang, r-devel-linux-x86_64-fedora-gcc, r-devel-windows-x86_64, r-patched-linux-x86_64, r-release-linux-x86_64, r-release-macos-arm64
Version: 3.2-3
Check: package dependencies
Result: NOTE
Packages suggested but not available for checking:
'RandomFields', 'RandomFieldsUtils'
Depends: includes the non-default packages:
'spatstat.data', 'spatstat.geom', 'spatstat.random',
'spatstat.explore', 'nlme', 'rpart'
Adding so many packages to the search path is excessive and importing
selectively is preferable.
Flavor: r-release-macos-x86_64
Version: 3.2-3
Check: Rd cross-references
Result: NOTE
Package unavailable to check Rd xrefs: ‘RandomFields’
Flavor: r-release-macos-x86_64
Version: 3.2-4
Check: package dependencies
Result: NOTE
Depends: includes the non-default packages:
'spatstat.data', 'spatstat.geom', 'spatstat.random',
'spatstat.explore', 'nlme', 'rpart'
Adding so many packages to the search path is excessive and importing
selectively is preferable.
Flavors: r-release-windows-x86_64, r-oldrel-macos-arm64, r-oldrel-macos-x86_64, r-oldrel-windows-x86_64